Last updated on 2025-10-24 12:50:13 CEST.
| Flavor | Version | Tinstall | Tcheck | Ttotal | Status | Flags |
|---|---|---|---|---|---|---|
| r-devel-linux-x86_64-debian-clang | 1.1.1 | 1.64 | 29.08 | 30.72 | NOTE | |
| r-devel-linux-x86_64-debian-gcc | 1.1.1 | 1.48 | 22.42 | 23.90 | NOTE | |
| r-devel-linux-x86_64-fedora-clang | 1.1.1 | 47.48 | OK | |||
| r-devel-linux-x86_64-fedora-gcc | 1.1.1 | 44.24 | OK | |||
| r-devel-windows-x86_64 | 1.1.1 | 3.00 | 51.00 | 54.00 | OK | |
| r-patched-linux-x86_64 | 1.1.1 | 1.86 | 27.64 | 29.50 | OK | |
| r-release-linux-x86_64 | 1.1.1 | 1.78 | 27.80 | 29.58 | OK | |
| r-release-macos-arm64 | 1.1.1 | 1.00 | 18.00 | 19.00 | OK | |
| r-release-macos-x86_64 | 1.1.1 | 3.00 | 43.00 | 46.00 | OK | |
| r-release-windows-x86_64 | 1.1.1 | 4.00 | 55.00 | 59.00 | OK | |
| r-oldrel-macos-arm64 | 1.1.1 | 1.00 | 16.00 | 17.00 | OK | |
| r-oldrel-macos-x86_64 | 1.1.1 | 2.00 | 25.00 | 27.00 | OK | |
| r-oldrel-windows-x86_64 | 1.1.1 | 3.00 | 52.00 | 55.00 | OK |
Version: 1.1.1
Check: CRAN incoming feasibility
Result: NOTE
Maintainer: ‘Cinzia Franceschini <cinziafranceschini@msn.com>’
No Authors@R field in DESCRIPTION.
Please add one, modifying
Authors@R: c(person(given = "Cinzia",
family = "Franceschini",
role = c("aut", "cre"),
email = "cinziafranceschini@msn.com"),
person(given = "Nicola",
family = "Loperfido",
role = "aut"))
as necessary.
Flavors: r-devel-linux-x86_64-debian-clang, r-devel-linux-x86_64-debian-gcc