CRAN Package Check Results for Package MullerPlot

Last updated on 2025-07-04 00:50:09 CEST.

Flavor Version Tinstall Tcheck Ttotal Status Flags
r-devel-linux-x86_64-debian-clang 0.1.3 2.26 28.78 31.04 NOTE
r-devel-linux-x86_64-debian-gcc 0.1.3 1.72 23.20 24.92 NOTE
r-devel-linux-x86_64-fedora-clang 0.1.3 47.68 NOTE
r-devel-linux-x86_64-fedora-gcc 0.1.3 60.57 NOTE
r-devel-windows-x86_64 0.1.3 3.00 48.00 51.00 NOTE
r-patched-linux-x86_64 0.1.3 2.27 26.47 28.74 NOTE
r-release-linux-x86_64 0.1.3 2.43 26.22 28.65 NOTE
r-release-macos-arm64 0.1.3 28.00 NOTE
r-release-macos-x86_64 0.1.3 68.00 NOTE
r-release-windows-x86_64 0.1.3 3.00 47.00 50.00 NOTE
r-oldrel-macos-arm64 0.1.3 22.00 NOTE
r-oldrel-macos-x86_64 0.1.3 39.00 NOTE
r-oldrel-windows-x86_64 0.1.3 3.00 54.00 57.00 NOTE

Check Details

Version: 0.1.3
Check: package subdirectories
Result: NOTE Problems with news in ‘NEWS.md’: No news entries found. Flavors: r-devel-linux-x86_64-debian-clang, r-devel-linux-x86_64-debian-gcc, r-devel-linux-x86_64-fedora-clang, r-devel-linux-x86_64-fedora-gcc, r-devel-windows-x86_64, r-patched-linux-x86_64, r-release-linux-x86_64, r-release-macos-arm64, r-release-macos-x86_64, r-release-windows-x86_64, r-oldrel-macos-arm64, r-oldrel-macos-x86_64, r-oldrel-windows-x86_64