Last updated on 2025-07-04 00:50:09 CEST.
Flavor | Version | Tinstall | Tcheck | Ttotal | Status | Flags |
---|---|---|---|---|---|---|
r-devel-linux-x86_64-debian-clang | 0.0.2 | 13.64 | 106.38 | 120.02 | NOTE | |
r-devel-linux-x86_64-debian-gcc | 0.0.2 | 8.97 | 74.75 | 83.72 | NOTE | |
r-devel-linux-x86_64-fedora-clang | 0.0.2 | 181.69 | OK | |||
r-devel-linux-x86_64-fedora-gcc | 0.0.2 | 169.56 | OK | |||
r-devel-windows-x86_64 | 0.0.2 | 13.00 | 108.00 | 121.00 | OK | |
r-patched-linux-x86_64 | 0.0.2 | 13.49 | 98.77 | 112.26 | OK | |
r-release-linux-x86_64 | 0.0.2 | 13.18 | 99.10 | 112.28 | OK | |
r-release-macos-arm64 | 0.0.2 | 52.00 | OK | |||
r-release-macos-x86_64 | 0.0.2 | 98.00 | OK | |||
r-release-windows-x86_64 | 0.0.2 | 14.00 | 109.00 | 123.00 | OK | |
r-oldrel-macos-arm64 | 0.0.2 | 50.00 | OK | |||
r-oldrel-macos-x86_64 | 0.0.2 | 131.00 | OK | |||
r-oldrel-windows-x86_64 | 0.0.2 | 19.00 | 137.00 | 156.00 | OK |
Version: 0.0.2
Check: CRAN incoming feasibility
Result: NOTE
Maintainer: ‘David Moriña Soler <dmorina@ub.edu>’
The Description field contains
A, Cabaña, A, Puig P. (2021) <arXiv:2003.09202v2>.
Please refer to arXiv e-prints via their arXiv DOI <doi:10.48550/arXiv.YYMM.NNNNN>.
Flavors: r-devel-linux-x86_64-debian-clang, r-devel-linux-x86_64-debian-gcc