Last updated on 2025-10-24 12:50:12 CEST.
| Flavor | Version | Tinstall | Tcheck | Ttotal | Status | Flags |
|---|---|---|---|---|---|---|
| r-devel-linux-x86_64-debian-clang | 0.1.3 | 1.77 | 18.46 | 20.23 | NOTE | |
| r-devel-linux-x86_64-debian-gcc | 0.1.3 | 1.28 | 15.59 | 16.87 | NOTE | |
| r-devel-linux-x86_64-fedora-clang | 0.1.3 | 30.14 | OK | |||
| r-devel-linux-x86_64-fedora-gcc | 0.1.3 | 28.18 | OK | |||
| r-devel-windows-x86_64 | 0.1.3 | 3.00 | 35.00 | 38.00 | OK | |
| r-patched-linux-x86_64 | 0.1.3 | 1.53 | 17.71 | 19.24 | OK | |
| r-release-linux-x86_64 | 0.1.3 | 1.54 | 17.40 | 18.94 | OK | |
| r-release-macos-arm64 | 0.1.3 | 1.00 | 14.00 | 15.00 | OK | |
| r-release-macos-x86_64 | 0.1.3 | 2.00 | 25.00 | 27.00 | OK | |
| r-release-windows-x86_64 | 0.1.3 | 3.00 | 36.00 | 39.00 | OK | |
| r-oldrel-macos-arm64 | 0.1.3 | 1.00 | 13.00 | 14.00 | OK | |
| r-oldrel-macos-x86_64 | 0.1.3 | 2.00 | 17.00 | 19.00 | OK | |
| r-oldrel-windows-x86_64 | 0.1.3 | 4.00 | 40.00 | 44.00 | OK |
Version: 0.1.3
Check: CRAN incoming feasibility
Result: NOTE
Maintainer: ‘Man Jin <mj2149@gmail.com>’
No Authors@R field in DESCRIPTION.
Please add one, modifying
Authors@R: c(person(given = "Man",
family = "Jin",
role = c("aut", "cre"),
email = "mj2149@gmail.com"),
person(given = "Adam",
family = "Polis",
role = "aut"),
person(given = "Jonathan",
family = "Hartzel",
role = "aut"))
as necessary.
Flavors: r-devel-linux-x86_64-debian-clang, r-devel-linux-x86_64-debian-gcc