Last updated on 2025-10-24 00:51:08 CEST.
| Flavor | Version | Tinstall | Tcheck | Ttotal | Status | Flags |
|---|---|---|---|---|---|---|
| r-devel-linux-x86_64-debian-clang | 1.1.1 | 2.95 | 91.44 | 94.39 | NOTE | |
| r-devel-linux-x86_64-debian-gcc | 1.1.1 | 2.22 | 59.96 | 62.18 | NOTE | |
| r-devel-linux-x86_64-fedora-clang | 1.1.1 | 141.81 | OK | |||
| r-devel-linux-x86_64-fedora-gcc | 1.1.1 | 161.87 | OK | |||
| r-devel-windows-x86_64 | 1.1.1 | 4.00 | 149.00 | 153.00 | OK | |
| r-patched-linux-x86_64 | 1.1.1 | 2.71 | 85.05 | 87.76 | OK | |
| r-release-linux-x86_64 | 1.1.1 | 2.52 | 87.67 | 90.19 | OK | |
| r-release-macos-arm64 | 1.1.1 | 2.00 | 56.00 | 58.00 | OK | |
| r-release-macos-x86_64 | 1.1.1 | 3.00 | 126.00 | 129.00 | OK | |
| r-release-windows-x86_64 | 1.1.1 | 5.00 | 153.00 | 158.00 | OK | |
| r-oldrel-macos-arm64 | 1.1.1 | 2.00 | 53.00 | 55.00 | OK | |
| r-oldrel-macos-x86_64 | 1.1.1 | 2.00 | 80.00 | 82.00 | OK | |
| r-oldrel-windows-x86_64 | 1.1.1 | 5.00 | 159.00 | 164.00 | OK |
Version: 1.1.1
Check: CRAN incoming feasibility
Result: NOTE
Maintainer: ‘Junwei Han <hanjunwei1981@163.com>’
No Authors@R field in DESCRIPTION.
Please add one, modifying
Authors@R: c(person(given = "Junwei",
family = "Han",
role = c("aut", "cre"),
email = "hanjunwei1981@163.com"),
person(given = "Siyao",
family = "Liu",
role = "aut"))
as necessary.
Flavors: r-devel-linux-x86_64-debian-clang, r-devel-linux-x86_64-debian-gcc