Last updated on 2025-10-24 00:51:08 CEST.
| Flavor | Version | Tinstall | Tcheck | Ttotal | Status | Flags |
|---|---|---|---|---|---|---|
| r-devel-linux-x86_64-debian-clang | 1.1 | 1.71 | 23.27 | 24.98 | NOTE | |
| r-devel-linux-x86_64-debian-gcc | 1.1 | 1.39 | 18.03 | 19.42 | NOTE | |
| r-devel-linux-x86_64-fedora-clang | 1.1 | 36.79 | OK | |||
| r-devel-linux-x86_64-fedora-gcc | 1.1 | 36.39 | OK | |||
| r-devel-windows-x86_64 | 1.1 | 3.00 | 40.00 | 43.00 | OK | |
| r-patched-linux-x86_64 | 1.1 | 1.67 | 21.89 | 23.56 | OK | |
| r-release-linux-x86_64 | 1.1 | 1.55 | 21.65 | 23.20 | OK | |
| r-release-macos-arm64 | 1.1 | 1.00 | 15.00 | 16.00 | OK | |
| r-release-macos-x86_64 | 1.1 | 2.00 | 23.00 | 25.00 | OK | |
| r-release-windows-x86_64 | 1.1 | 4.00 | 42.00 | 46.00 | OK | |
| r-oldrel-macos-arm64 | 1.1 | 1.00 | 14.00 | 15.00 | OK | |
| r-oldrel-macos-x86_64 | 1.1 | 2.00 | 21.00 | 23.00 | OK | |
| r-oldrel-windows-x86_64 | 1.1 | 2.00 | 41.00 | 43.00 | OK |
Version: 1.1
Check: CRAN incoming feasibility
Result: NOTE
Maintainer: ‘Cinzia Franceschini <cinziafranceschini@msn.com>’
No Authors@R field in DESCRIPTION.
Please add one, modifying
Authors@R: c(person(given = "Cinzia",
family = "Franceschini",
role = c("aut", "cre"),
email = "cinziafranceschini@msn.com"),
person(given = "Nicola",
family = "Loperfido",
role = "aut"))
as necessary.
Flavors: r-devel-linux-x86_64-debian-clang, r-devel-linux-x86_64-debian-gcc