Last updated on 2025-10-24 12:50:12 CEST.
| Flavor | Version | Tinstall | Tcheck | Ttotal | Status | Flags |
|---|---|---|---|---|---|---|
| r-devel-linux-x86_64-debian-clang | 0.1.0 | 1.90 | 24.55 | 26.45 | NOTE | |
| r-devel-linux-x86_64-debian-gcc | 0.1.0 | 1.47 | 19.56 | 21.03 | NOTE | |
| r-devel-linux-x86_64-fedora-clang | 0.1.0 | 38.48 | OK | |||
| r-devel-linux-x86_64-fedora-gcc | 0.1.0 | 40.86 | OK | |||
| r-devel-windows-x86_64 | 0.1.0 | 4.00 | 38.00 | 42.00 | OK | |
| r-patched-linux-x86_64 | 0.1.0 | 1.84 | 22.80 | 24.64 | OK | |
| r-release-linux-x86_64 | 0.1.0 | 1.73 | 23.04 | 24.77 | OK | |
| r-release-macos-arm64 | 0.1.0 | 1.00 | 18.00 | 19.00 | OK | |
| r-release-macos-x86_64 | 0.1.0 | 2.00 | 31.00 | 33.00 | OK | |
| r-release-windows-x86_64 | 0.1.0 | 2.00 | 39.00 | 41.00 | OK | |
| r-oldrel-macos-arm64 | 0.1.0 | 1.00 | 15.00 | 16.00 | OK | |
| r-oldrel-macos-x86_64 | 0.1.0 | 2.00 | 26.00 | 28.00 | OK | |
| r-oldrel-windows-x86_64 | 0.1.0 | 4.00 | 40.00 | 44.00 | OK |
Version: 0.1.0
Check: CRAN incoming feasibility
Result: NOTE
Maintainer: ‘Didem Sari <dsari@iastate.edu>’
No Authors@R field in DESCRIPTION.
Please add one, modifying
Authors@R: c(person(given = "Didem",
family = "Sari",
role = c("aut", "cre"),
email = "dsari@iastate.edu"),
person(given = c("Sarah", "M."),
family = "Ryan",
role = "aut",
email = "smryan@iastate.edu"))
as necessary.
Flavors: r-devel-linux-x86_64-debian-clang, r-devel-linux-x86_64-debian-gcc