Last updated on 2025-10-24 12:50:12 CEST.
| Flavor | Version | Tinstall | Tcheck | Ttotal | Status | Flags |
|---|---|---|---|---|---|---|
| r-devel-linux-x86_64-debian-clang | 1.0.1 | 1.97 | 22.77 | 24.74 | NOTE | |
| r-devel-linux-x86_64-debian-gcc | 1.0.1 | 1.58 | 18.51 | 20.09 | NOTE | |
| r-devel-linux-x86_64-fedora-clang | 1.0.1 | 35.57 | OK | |||
| r-devel-linux-x86_64-fedora-gcc | 1.0.1 | 36.20 | OK | |||
| r-devel-windows-x86_64 | 1.0.1 | 3.00 | 42.00 | 45.00 | OK | |
| r-patched-linux-x86_64 | 1.0.1 | 2.02 | 21.63 | 23.65 | OK | |
| r-release-linux-x86_64 | 1.0.1 | 1.88 | 21.69 | 23.57 | OK | |
| r-release-macos-arm64 | 1.0.1 | 1.00 | 12.00 | 13.00 | OK | |
| r-release-macos-x86_64 | 1.0.1 | 2.00 | 25.00 | 27.00 | OK | |
| r-release-windows-x86_64 | 1.0.1 | 7.00 | 46.00 | 53.00 | OK | |
| r-oldrel-macos-arm64 | 1.0.1 | 1.00 | 18.00 | 19.00 | OK | |
| r-oldrel-macos-x86_64 | 1.0.1 | 2.00 | 31.00 | 33.00 | OK | |
| r-oldrel-windows-x86_64 | 1.0.1 | 6.00 | 45.00 | 51.00 | OK |
Version: 1.0.1
Check: Rd files
Result: NOTE
checkRd: (-1) MRQoL-package.Rd:11-17: Only 2 columns allowed in this table (row 5 has 1)
Flavors: r-devel-linux-x86_64-debian-clang, r-devel-linux-x86_64-debian-gcc