Last updated on 2025-10-24 12:50:12 CEST.
| Flavor | Version | Tinstall | Tcheck | Ttotal | Status | Flags |
|---|---|---|---|---|---|---|
| r-devel-linux-x86_64-debian-clang | 1.5-4 | 1.74 | 18.65 | 20.39 | NOTE | |
| r-devel-linux-x86_64-debian-gcc | 1.5-4 | 1.35 | 14.88 | 16.23 | NOTE | |
| r-devel-linux-x86_64-fedora-clang | 1.5-4 | 30.25 | OK | |||
| r-devel-linux-x86_64-fedora-gcc | 1.5-4 | 30.75 | OK | |||
| r-devel-windows-x86_64 | 1.5-4 | 3.00 | 33.00 | 36.00 | OK | |
| r-patched-linux-x86_64 | 1.5-4 | 1.61 | 17.57 | 19.18 | OK | |
| r-release-linux-x86_64 | 1.5-4 | 1.66 | 17.67 | 19.33 | OK | |
| r-release-macos-arm64 | 1.5-4 | 1.00 | 15.00 | 16.00 | OK | |
| r-release-macos-x86_64 | 1.5-4 | 2.00 | 27.00 | 29.00 | OK | |
| r-release-windows-x86_64 | 1.5-4 | 2.00 | 34.00 | 36.00 | OK | |
| r-oldrel-macos-arm64 | 1.5-4 | 1.00 | 13.00 | 14.00 | OK | |
| r-oldrel-macos-x86_64 | 1.5-4 | 1.00 | 18.00 | 19.00 | OK | |
| r-oldrel-windows-x86_64 | 1.5-4 | 3.00 | 35.00 | 38.00 | OK |
Version: 1.5-4
Check: CRAN incoming feasibility
Result: NOTE
Maintainer: ‘Yalin Wang <wangyalin@mail.sdu.edu.cn>’
The Description field contains
(2022) <arXiv:2207.09633>. In this package, we provide the algorithms
Please refer to arXiv e-prints via their arXiv DOI <doi:10.48550/arXiv.YYMM.NNNNN>.
Flavors: r-devel-linux-x86_64-debian-clang, r-devel-linux-x86_64-debian-gcc