Last updated on 2025-10-24 12:50:12 CEST.
| Flavor | Version | Tinstall | Tcheck | Ttotal | Status | Flags |
|---|---|---|---|---|---|---|
| r-devel-linux-x86_64-debian-clang | 1.1 | 2.52 | 17.64 | 20.16 | NOTE | |
| r-devel-linux-x86_64-debian-gcc | 1.1 | 2.03 | 14.89 | 16.92 | NOTE | |
| r-devel-linux-x86_64-fedora-clang | 1.1 | 29.34 | NOTE | |||
| r-devel-linux-x86_64-fedora-gcc | 1.1 | 29.05 | NOTE | |||
| r-devel-windows-x86_64 | 1.1 | 5.00 | 35.00 | 40.00 | OK | |
| r-patched-linux-x86_64 | 1.1 | 2.28 | 16.59 | 18.87 | OK | |
| r-release-linux-x86_64 | 1.1 | 2.35 | 16.57 | 18.92 | OK | |
| r-release-macos-arm64 | 1.1 | 5.00 | 15.00 | 20.00 | OK | |
| r-release-macos-x86_64 | 1.1 | 4.00 | 19.00 | 23.00 | OK | |
| r-release-windows-x86_64 | 1.1 | 4.00 | 36.00 | 40.00 | OK | |
| r-oldrel-macos-arm64 | 1.1 | 2.00 | 13.00 | 15.00 | OK | |
| r-oldrel-macos-x86_64 | 1.1 | 3.00 | 17.00 | 20.00 | OK | |
| r-oldrel-windows-x86_64 | 1.1 | 4.00 | 35.00 | 39.00 | OK |
Version: 1.1
Check: CRAN incoming feasibility
Result: NOTE
Maintainer: ‘Safiye Celik <safiye@cs.washington.edu>’
No Authors@R field in DESCRIPTION.
Please add one, modifying
Authors@R: person(given = "Safiye",
family = "Celik",
role = c("aut", "cre"),
email = "safiye@cs.washington.edu")
as necessary.
Package CITATION file contains call(s) to old-style personList() or
as.personList(). Please use c() on person objects instead.
Package CITATION file contains call(s) to old-style citEntry(). Please
use bibentry() instead.
Flavors: r-devel-linux-x86_64-debian-clang, r-devel-linux-x86_64-debian-gcc
Version: 1.1
Check: compiled code
Result: NOTE
File ‘MGL/libs/MGL.so’:
Found no calls to: ‘R_registerRoutines’, ‘R_useDynamicSymbols’
It is good practice to register native routines and to disable symbol
search.
See ‘Writing portable packages’ in the ‘Writing R Extensions’ manual.
Flavors: r-devel-linux-x86_64-fedora-clang, r-devel-linux-x86_64-fedora-gcc