Last updated on 2025-10-24 12:50:10 CEST.
| Flavor | Version | Tinstall | Tcheck | Ttotal | Status | Flags |
|---|---|---|---|---|---|---|
| r-devel-linux-x86_64-debian-clang | 1.0.1 | 1.50 | 21.48 | 22.98 | NOTE | |
| r-devel-linux-x86_64-debian-gcc | 1.0.1 | 1.45 | 17.27 | 18.72 | NOTE | |
| r-devel-linux-x86_64-fedora-clang | 1.0.1 | 33.22 | OK | |||
| r-devel-linux-x86_64-fedora-gcc | 1.0.1 | 32.31 | OK | |||
| r-devel-windows-x86_64 | 1.0.1 | 2.00 | 42.00 | 44.00 | OK | |
| r-patched-linux-x86_64 | 1.0.1 | 1.44 | 20.52 | 21.96 | OK | |
| r-release-linux-x86_64 | 1.0.1 | 1.64 | 19.90 | 21.54 | OK | |
| r-release-macos-arm64 | 1.0.1 | 1.00 | 13.00 | 14.00 | OK | |
| r-release-macos-x86_64 | 1.0.1 | 2.00 | 23.00 | 25.00 | OK | |
| r-release-windows-x86_64 | 1.0.1 | 3.00 | 42.00 | 45.00 | OK | |
| r-oldrel-macos-arm64 | 1.0.1 | 1.00 | 14.00 | 15.00 | OK | |
| r-oldrel-macos-x86_64 | 1.0.1 | 2.00 | 20.00 | 22.00 | OK | |
| r-oldrel-windows-x86_64 | 1.0.1 | 4.00 | 43.00 | 47.00 | OK |
Version: 1.0.1
Check: CRAN incoming feasibility
Result: NOTE
Maintainer: ‘Derick L. Rivers <riversdl@alumni.vcu.edu>’
No Authors@R field in DESCRIPTION.
Please add one, modifying
Authors@R: c(person(given = c("Derick", "L."),
family = "Rivers",
role = c("aut", "cre"),
email = "riversdl@alumni.vcu.edu"),
person(given = c("Edward", "L."),
family = "Boone",
role = "aut"))
as necessary.
Flavors: r-devel-linux-x86_64-debian-clang, r-devel-linux-x86_64-debian-gcc