Last updated on 2025-10-24 12:50:10 CEST.
| Flavor | Version | Tinstall | Tcheck | Ttotal | Status | Flags |
|---|---|---|---|---|---|---|
| r-devel-linux-x86_64-debian-clang | 1.0 | 1.52 | 19.59 | 21.11 | NOTE | |
| r-devel-linux-x86_64-debian-gcc | 1.0 | 1.30 | 16.27 | 17.57 | NOTE | |
| r-devel-linux-x86_64-fedora-clang | 1.0 | 29.76 | OK | |||
| r-devel-linux-x86_64-fedora-gcc | 1.0 | 28.53 | OK | |||
| r-devel-windows-x86_64 | 1.0 | 2.00 | 39.00 | 41.00 | OK | |
| r-patched-linux-x86_64 | 1.0 | 1.47 | 18.41 | 19.88 | OK | |
| r-release-linux-x86_64 | 1.0 | 1.39 | 18.34 | 19.73 | OK | |
| r-release-macos-arm64 | 1.0 | 1.00 | 13.00 | 14.00 | OK | |
| r-release-macos-x86_64 | 1.0 | 1.00 | 21.00 | 22.00 | OK | |
| r-release-windows-x86_64 | 1.0 | 2.00 | 41.00 | 43.00 | OK | |
| r-oldrel-macos-arm64 | 1.0 | 1.00 | 14.00 | 15.00 | OK | |
| r-oldrel-macos-x86_64 | 1.0 | 1.00 | 19.00 | 20.00 | OK | |
| r-oldrel-windows-x86_64 | 1.0 | 2.00 | 42.00 | 44.00 | OK |
Version: 1.0
Check: CRAN incoming feasibility
Result: NOTE
Maintainer: ‘Ali Karimnezhad <ali.karimnezhad@gmail.com>’
No Authors@R field in DESCRIPTION.
Please add one, modifying
Authors@R: person(given = "Ali",
family = "Karimnezhad",
role = c("aut", "cre"),
email = "ali.karimnezhad@gmail.com")
as necessary.
Flavors: r-devel-linux-x86_64-debian-clang, r-devel-linux-x86_64-debian-gcc