Last updated on 2025-07-04 00:50:07 CEST.
Flavor | Version | Tinstall | Tcheck | Ttotal | Status | Flags |
---|---|---|---|---|---|---|
r-devel-linux-x86_64-debian-clang | 0.3.0 | 23.33 | 203.39 | 226.72 | NOTE | |
r-devel-linux-x86_64-debian-gcc | 0.3.0 | 15.50 | 125.35 | 140.85 | NOTE | |
r-devel-linux-x86_64-fedora-clang | 0.3.0 | 356.99 | NOTE | |||
r-devel-linux-x86_64-fedora-gcc | 0.3.0 | 335.90 | NOTE | |||
r-devel-windows-x86_64 | 0.3.0 | 21.00 | 151.00 | 172.00 | NOTE | |
r-patched-linux-x86_64 | 0.3.0 | 21.61 | 188.82 | 210.43 | NOTE | |
r-release-linux-x86_64 | 0.3.0 | 25.34 | 187.83 | 213.17 | NOTE | |
r-release-macos-arm64 | 0.3.0 | 83.00 | NOTE | |||
r-release-macos-x86_64 | 0.3.0 | 177.00 | NOTE | |||
r-release-windows-x86_64 | 0.3.0 | 22.00 | 153.00 | 175.00 | NOTE | |
r-oldrel-macos-arm64 | 0.3.0 | 77.00 | OK | |||
r-oldrel-macos-x86_64 | 0.3.0 | 149.00 | OK | |||
r-oldrel-windows-x86_64 | 0.3.0 | 29.00 | 217.00 | 246.00 | OK |
Version: 0.3.0
Check: DESCRIPTION meta-information
Result: NOTE
Missing dependency on R >= 4.1.0 because package code uses the pipe
|> or function shorthand \(...) syntax added in R 4.1.0.
File(s) using such syntax:
‘NDVI2LAI.R’
Flavors: r-devel-linux-x86_64-debian-clang, r-devel-linux-x86_64-debian-gcc, r-devel-linux-x86_64-fedora-clang, r-devel-linux-x86_64-fedora-gcc, r-devel-windows-x86_64, r-patched-linux-x86_64, r-release-linux-x86_64, r-release-macos-arm64, r-release-macos-x86_64, r-release-windows-x86_64