Last updated on 2025-10-24 12:50:10 CEST.
| Flavor | Version | Tinstall | Tcheck | Ttotal | Status | Flags |
|---|---|---|---|---|---|---|
| r-devel-linux-x86_64-debian-clang | 1.0 | 2.54 | 66.16 | 68.70 | NOTE | |
| r-devel-linux-x86_64-debian-gcc | 1.0 | 1.79 | 45.04 | 46.83 | NOTE | |
| r-devel-linux-x86_64-fedora-clang | 1.0 | 105.76 | OK | |||
| r-devel-linux-x86_64-fedora-gcc | 1.0 | 111.03 | OK | |||
| r-devel-windows-x86_64 | 1.0 | 4.00 | 90.00 | 94.00 | OK | |
| r-patched-linux-x86_64 | 1.0 | 3.27 | 64.04 | 67.31 | OK | |
| r-release-linux-x86_64 | 1.0 | 2.52 | 61.79 | 64.31 | OK | |
| r-release-macos-arm64 | 1.0 | 1.00 | 35.00 | 36.00 | OK | |
| r-release-macos-x86_64 | 1.0 | 2.00 | 72.00 | 74.00 | OK | |
| r-release-windows-x86_64 | 1.0 | 4.00 | 92.00 | 96.00 | OK | |
| r-oldrel-macos-arm64 | 1.0 | 2.00 | 33.00 | 35.00 | OK | |
| r-oldrel-macos-x86_64 | 1.0 | 2.00 | 57.00 | 59.00 | OK | |
| r-oldrel-windows-x86_64 | 1.0 | 4.00 | 94.00 | 98.00 | OK |
Version: 1.0
Check: CRAN incoming feasibility
Result: NOTE
Maintainer: ‘Rui Lin <ruilin1081@gmail.com>’
The Description field contains
<arXiv:2208.13074>.
Please refer to arXiv e-prints via their arXiv DOI <doi:10.48550/arXiv.YYMM.NNNNN>.
Flavors: r-devel-linux-x86_64-debian-clang, r-devel-linux-x86_64-debian-gcc