Last updated on 2025-07-04 00:50:06 CEST.
Flavor | Version | Tinstall | Tcheck | Ttotal | Status | Flags |
---|---|---|---|---|---|---|
r-devel-linux-x86_64-debian-clang | 2.0.0 | 4.77 | 47.78 | 52.55 | NOTE | |
r-devel-linux-x86_64-debian-gcc | 2.0.0 | 3.18 | 35.51 | 38.69 | NOTE | |
r-devel-linux-x86_64-fedora-clang | 2.0.0 | 77.69 | NOTE | |||
r-devel-linux-x86_64-fedora-gcc | 2.0.0 | 86.55 | NOTE | |||
r-devel-windows-x86_64 | 2.0.0 | 7.00 | 64.00 | 71.00 | NOTE | |
r-patched-linux-x86_64 | 2.0.0 | 3.85 | 42.90 | 46.75 | NOTE | |
r-release-linux-x86_64 | 2.0.0 | 4.21 | 42.68 | 46.89 | NOTE | |
r-release-macos-arm64 | 2.0.0 | 59.00 | NOTE | |||
r-release-macos-x86_64 | 2.0.0 | 76.00 | NOTE | |||
r-release-windows-x86_64 | 2.0.0 | 7.00 | 66.00 | 73.00 | NOTE | |
r-oldrel-macos-arm64 | 2.0.0 | 48.00 | OK | |||
r-oldrel-macos-x86_64 | 2.0.0 | 97.00 | OK | |||
r-oldrel-windows-x86_64 | 2.0.0 | 8.00 | 77.00 | 85.00 | OK |
Version: 2.0.0
Check: DESCRIPTION meta-information
Result: NOTE
Missing dependency on R >= 4.1.0 because package code uses the pipe
|> or function shorthand \(...) syntax added in R 4.1.0.
File(s) using such syntax:
‘Koboconnect.R’ ‘other.R’
Flavors: r-devel-linux-x86_64-debian-clang, r-devel-linux-x86_64-debian-gcc, r-devel-linux-x86_64-fedora-clang, r-devel-linux-x86_64-fedora-gcc, r-devel-windows-x86_64, r-patched-linux-x86_64, r-release-linux-x86_64, r-release-macos-arm64, r-release-macos-x86_64, r-release-windows-x86_64