Last updated on 2025-10-24 12:50:10 CEST.
| Flavor | Version | Tinstall | Tcheck | Ttotal | Status | Flags |
|---|---|---|---|---|---|---|
| r-devel-linux-x86_64-debian-clang | 0.1.0 | 1.57 | 18.07 | 19.64 | NOTE | |
| r-devel-linux-x86_64-debian-gcc | 0.1.0 | 1.33 | 15.78 | 17.11 | NOTE | |
| r-devel-linux-x86_64-fedora-clang | 0.1.0 | 27.97 | OK | |||
| r-devel-linux-x86_64-fedora-gcc | 0.1.0 | 26.45 | OK | |||
| r-devel-windows-x86_64 | 0.1.0 | 3.00 | 36.00 | 39.00 | OK | |
| r-patched-linux-x86_64 | 0.1.0 | 1.54 | 17.19 | 18.73 | OK | |
| r-release-linux-x86_64 | 0.1.0 | 1.43 | 17.36 | 18.79 | OK | |
| r-release-macos-arm64 | 0.1.0 | 1.00 | 14.00 | 15.00 | OK | |
| r-release-macos-x86_64 | 0.1.0 | 2.00 | 24.00 | 26.00 | OK | |
| r-release-windows-x86_64 | 0.1.0 | 2.00 | 38.00 | 40.00 | OK | |
| r-oldrel-macos-arm64 | 0.1.0 | 1.00 | 13.00 | 14.00 | OK | |
| r-oldrel-macos-x86_64 | 0.1.0 | 1.00 | 21.00 | 22.00 | OK | |
| r-oldrel-windows-x86_64 | 0.1.0 | 2.00 | 38.00 | 40.00 | OK |
Version: 0.1.0
Check: CRAN incoming feasibility
Result: NOTE
Maintainer: ‘Dr. Fayed Alshammri <fayed333@hotmail.com>’
No Authors@R field in DESCRIPTION.
Please add one, modifying
Authors@R: c(person(given = "Fayed",
family = "Alshammri",
role = "aut"),
person(given = c("Dr.", "Fayed"),
family = "Alshammri",
role = "cre",
email = "fayed333@hotmail.com"))
as necessary.
Flavors: r-devel-linux-x86_64-debian-clang, r-devel-linux-x86_64-debian-gcc