Last updated on 2025-10-24 00:51:06 CEST.
| Flavor | Version | Tinstall | Tcheck | Ttotal | Status | Flags |
|---|---|---|---|---|---|---|
| r-devel-linux-x86_64-debian-clang | 0.1.2-2 | 3.80 | 50.16 | 53.96 | OK | |
| r-devel-linux-x86_64-debian-gcc | 0.1.2-2 | 2.93 | 36.80 | 39.73 | OK | |
| r-devel-linux-x86_64-fedora-clang | 0.1.2-2 | 71.93 | OK | |||
| r-devel-linux-x86_64-fedora-gcc | 0.1.2-2 | 87.69 | OK | |||
| r-devel-windows-x86_64 | 0.1.2-2 | 5.00 | 79.00 | 84.00 | OK | |
| r-patched-linux-x86_64 | 0.1.2-2 | 4.18 | 47.98 | 52.16 | OK | |
| r-release-linux-x86_64 | 0.1.2-2 | 2.71 | 47.87 | 50.58 | OK | |
| r-release-macos-arm64 | 0.1.2-2 | 2.00 | 33.00 | 35.00 | WARN | |
| r-release-macos-x86_64 | 0.1.2-2 | 3.00 | 66.00 | 69.00 | OK | |
| r-release-windows-x86_64 | 0.1.2-2 | 4.00 | 83.00 | 87.00 | OK | |
| r-oldrel-macos-arm64 | 0.1.2-2 | 2.00 | 31.00 | 33.00 | WARN | |
| r-oldrel-macos-x86_64 | 0.1.2-2 | 6.00 | 118.00 | 124.00 | OK | |
| r-oldrel-windows-x86_64 | 0.1.2-2 | 10.00 | 81.00 | 91.00 | OK |
Version: 0.1.2-2
Check: re-building of vignette outputs
Result: WARN
Error(s) in re-building vignettes:
--- re-building ‘Instruction_of_functions_of_R_package_KINSIMU.Rnw’ using Sweave
Error: processing vignette 'Instruction_of_functions_of_R_package_KINSIMU.Rnw' failed with diagnostics:
Running 'texi2dvi' on 'Instruction_of_functions_of_R_package_KINSIMU.tex' failed.
LaTeX errors:
! LaTeX Error: Command \gather already defined.
Or name \end... illegal, see p.192 of the manual.
See the LaTeX manual or LaTeX Companion for explanation.
Type H <return> for immediate help.
! Emergency stop.
...
l.1560 }
! ==> Fatal error occurred, no output PDF file produced!
--- failed re-building ‘Instruction_of_functions_of_R_package_KINSIMU.Rnw’
SUMMARY: processing the following file failed:
‘Instruction_of_functions_of_R_package_KINSIMU.Rnw’
Error: Vignette re-building failed.
Execution halted
Flavors: r-release-macos-arm64, r-oldrel-macos-arm64