CRAN Package Check Results for Package JQL

Last updated on 2025-07-04 12:49:03 CEST.

Flavor Version Tinstall Tcheck Ttotal Status Flags
r-devel-linux-x86_64-debian-clang 3.6.9 14.86 118.83 133.69 NOTE
r-devel-linux-x86_64-debian-gcc 3.6.9 10.29 81.47 91.76 NOTE
r-devel-linux-x86_64-fedora-clang 3.6.9 198.69 OK
r-devel-linux-x86_64-fedora-gcc 3.6.9 184.24 OK
r-devel-windows-x86_64 3.6.9 14.00 108.00 122.00 OK
r-patched-linux-x86_64 3.6.9 14.81 111.40 126.21 OK
r-release-linux-x86_64 3.6.9 12.53 109.02 121.55 OK
r-release-macos-arm64 3.6.9 52.00 OK
r-release-macos-x86_64 3.6.9 94.00 OK
r-release-windows-x86_64 3.6.9 15.00 112.00 127.00 OK
r-oldrel-macos-arm64 3.6.9 55.00 OK
r-oldrel-macos-x86_64 3.6.9 85.00 OK
r-oldrel-windows-x86_64 3.6.9 20.00 145.00 165.00 OK

Check Details

Version: 3.6.9
Check: CRAN incoming feasibility
Result: NOTE Maintainer: ‘Hengrui Cai <hcai5@ncsu.edu>’ No Authors@R field in DESCRIPTION. Please add one, modifying Authors@R: c(person(given = "Hengrui", family = "Cai", role = c("aut", "cre"), email = "hcai5@ncsu.edu"), person(given = "Chengchun", family = "shi", role = "aut", email = "cshi4@ncsu.edu"), person(given = "Rui", family = "Song", role = "aut", email = "rsong@ncsu.edu"), person(given = "Wenbin", family = "Lu", role = "aut", email = "wlu4@ncsu.edu")) as necessary. Flavors: r-devel-linux-x86_64-debian-clang, r-devel-linux-x86_64-debian-gcc