Last updated on 2025-10-24 12:50:09 CEST.
| Flavor | Version | Tinstall | Tcheck | Ttotal | Status | Flags |
|---|---|---|---|---|---|---|
| r-devel-linux-x86_64-debian-clang | 0.1.0 | 1.56 | 17.27 | 18.83 | OK | |
| r-devel-linux-x86_64-debian-gcc | 0.1.0 | 1.20 | 14.63 | 15.83 | OK | |
| r-devel-linux-x86_64-fedora-clang | 0.1.0 | 26.33 | OK | |||
| r-devel-linux-x86_64-fedora-gcc | 0.1.0 | 25.33 | OK | |||
| r-devel-windows-x86_64 | 0.1.0 | 3.00 | 32.00 | 35.00 | OK | |
| r-patched-linux-x86_64 | 0.1.0 | 1.46 | 16.39 | 17.85 | OK | |
| r-release-linux-x86_64 | 0.1.0 | 1.41 | 16.51 | 17.92 | OK | |
| r-release-macos-arm64 | 0.1.0 | 1.00 | 13.00 | 14.00 | OK | |
| r-release-macos-x86_64 | 0.1.0 | 2.00 | 23.00 | 25.00 | OK | |
| r-release-windows-x86_64 | 0.1.0 | 3.00 | 35.00 | 38.00 | OK | |
| r-oldrel-macos-arm64 | 0.1.0 | 1.00 | 12.00 | 13.00 | NOTE | |
| r-oldrel-macos-x86_64 | 0.1.0 | 2.00 | 17.00 | 19.00 | NOTE | |
| r-oldrel-windows-x86_64 | 0.1.0 | 3.00 | 34.00 | 37.00 | NOTE |
Version: 0.1.0
Check: LazyData
Result: NOTE
'LazyData' is specified without a 'data' directory
Flavors: r-oldrel-macos-arm64, r-oldrel-macos-x86_64, r-oldrel-windows-x86_64