Last updated on 2025-10-24 12:50:09 CEST.
| Flavor | Version | Tinstall | Tcheck | Ttotal | Status | Flags |
|---|---|---|---|---|---|---|
| r-devel-linux-x86_64-debian-clang | 0.2.0 | 3.63 | 26.02 | 29.65 | NOTE | |
| r-devel-linux-x86_64-debian-gcc | 0.2.0 | 2.83 | 19.88 | 22.71 | NOTE | |
| r-devel-linux-x86_64-fedora-clang | 0.2.0 | 42.49 | OK | |||
| r-devel-linux-x86_64-fedora-gcc | 0.2.0 | 40.80 | OK | |||
| r-devel-windows-x86_64 | 0.2.0 | 5.00 | 39.00 | 44.00 | OK | |
| r-patched-linux-x86_64 | 0.2.0 | 3.80 | 24.89 | 28.69 | OK | |
| r-release-linux-x86_64 | 0.2.0 | 3.69 | 25.08 | 28.77 | OK | |
| r-release-macos-arm64 | 0.2.0 | 2.00 | 16.00 | 18.00 | OK | |
| r-release-macos-x86_64 | 0.2.0 | 3.00 | 24.00 | 27.00 | OK | |
| r-release-windows-x86_64 | 0.2.0 | 5.00 | 39.00 | 44.00 | OK | |
| r-oldrel-macos-arm64 | 0.2.0 | 1.00 | 15.00 | 16.00 | OK | |
| r-oldrel-macos-x86_64 | 0.2.0 | 3.00 | 20.00 | 23.00 | OK | |
| r-oldrel-windows-x86_64 | 0.2.0 | 5.00 | 39.00 | 44.00 | OK |
Version: 0.2.0
Check: CRAN incoming feasibility
Result: NOTE
Maintainer: ‘Nicole Schwitter <Nicole.Schwitter.1@warwick.ac.uk>’
No Authors@R field in DESCRIPTION.
Please add one, modifying
Authors@R: person(given = "Nicole",
family = "Schwitter",
role = c("aut", "cre"),
email = "nicole.schwitter.1@warwick.ac.uk")
as necessary.
Flavors: r-devel-linux-x86_64-debian-clang, r-devel-linux-x86_64-debian-gcc