Last updated on 2025-10-24 12:50:08 CEST.
| Flavor | Version | Tinstall | Tcheck | Ttotal | Status | Flags |
|---|---|---|---|---|---|---|
| r-devel-linux-x86_64-debian-clang | 0.1-3 | 1.63 | 18.02 | 19.65 | NOTE | |
| r-devel-linux-x86_64-debian-gcc | 0.1-3 | 1.25 | 15.07 | 16.32 | NOTE | |
| r-devel-linux-x86_64-fedora-clang | 0.1-3 | 27.83 | OK | |||
| r-devel-linux-x86_64-fedora-gcc | 0.1-3 | 26.07 | OK | |||
| r-devel-windows-x86_64 | 0.1-3 | 2.00 | 33.00 | 35.00 | OK | |
| r-patched-linux-x86_64 | 0.1-3 | 1.66 | 17.14 | 18.80 | OK | |
| r-release-linux-x86_64 | 0.1-3 | 1.51 | 17.19 | 18.70 | OK | |
| r-release-macos-arm64 | 0.1-3 | 1.00 | 12.00 | 13.00 | OK | |
| r-release-macos-x86_64 | 0.1-3 | 1.00 | 19.00 | 20.00 | OK | |
| r-release-windows-x86_64 | 0.1-3 | 2.00 | 35.00 | 37.00 | OK | |
| r-oldrel-macos-arm64 | 0.1-3 | 1.00 | 11.00 | 12.00 | OK | |
| r-oldrel-macos-x86_64 | 0.1-3 | 1.00 | 17.00 | 18.00 | OK | |
| r-oldrel-windows-x86_64 | 0.1-3 | 3.00 | 34.00 | 37.00 | OK |
Version: 0.1-3
Check: CRAN incoming feasibility
Result: NOTE
Maintainer: ‘Lawrence Hudson <quicklizard@googlemail.com>’
No Authors@R field in DESCRIPTION.
Please add one, modifying
Authors@R: person(given = "Lawrence",
family = "Hudson",
role = c("aut", "cre"),
email = "quicklizard@googlemail.com")
as necessary.
Flavors: r-devel-linux-x86_64-debian-clang, r-devel-linux-x86_64-debian-gcc