Last updated on 2025-10-24 00:51:03 CEST.
| Flavor | Version | Tinstall | Tcheck | Ttotal | Status | Flags |
|---|---|---|---|---|---|---|
| r-devel-linux-x86_64-debian-clang | 1.0.1 | 1.83 | 22.34 | 24.17 | NOTE | |
| r-devel-linux-x86_64-debian-gcc | 1.0.1 | 1.41 | 17.62 | 19.03 | NOTE | |
| r-devel-linux-x86_64-fedora-clang | 1.0.1 | 35.78 | NOTE | |||
| r-devel-linux-x86_64-fedora-gcc | 1.0.1 | 33.67 | NOTE | |||
| r-devel-windows-x86_64 | 1.0.1 | 3.00 | 37.00 | 40.00 | NOTE | |
| r-patched-linux-x86_64 | 1.0.1 | 1.83 | 21.17 | 23.00 | NOTE | |
| r-release-linux-x86_64 | 1.0.1 | 1.57 | 21.20 | 22.77 | NOTE | |
| r-release-macos-arm64 | 1.0.1 | 1.00 | 16.00 | 17.00 | NOTE | |
| r-release-macos-x86_64 | 1.0.1 | 2.00 | 22.00 | 24.00 | NOTE | |
| r-release-windows-x86_64 | 1.0.1 | 4.00 | 38.00 | 42.00 | NOTE | |
| r-oldrel-macos-arm64 | 1.0.1 | 1.00 | 13.00 | 14.00 | NOTE | |
| r-oldrel-macos-x86_64 | 1.0.1 | 2.00 | 19.00 | 21.00 | NOTE | |
| r-oldrel-windows-x86_64 | 1.0.1 | 4.00 | 38.00 | 42.00 | NOTE |
Version: 1.0.1
Check: Rd files
Result: NOTE
checkRd: (-1) GeneF-internal.Rd:40: Lost braces; missing escapes or markup?
40 | \author{Yinglei Lai {ylai@gwu.edu}}
| ^
checkRd: (-1) flexorhtest.Rd:57: Lost braces; missing escapes or markup?
57 | \author{Yinglei Lai {ylai@gwu.edu}}
| ^
checkRd: (-1) flexorhtest.pvalue.Rd:57: Lost braces; missing escapes or markup?
57 | \author{Yinglei Lai {ylai@gwu.edu}}
| ^
Flavors: r-devel-linux-x86_64-debian-clang, r-devel-linux-x86_64-debian-gcc, r-devel-linux-x86_64-fedora-clang, r-devel-linux-x86_64-fedora-gcc, r-devel-windows-x86_64, r-patched-linux-x86_64, r-release-linux-x86_64, r-release-macos-arm64, r-release-macos-x86_64, r-release-windows-x86_64, r-oldrel-macos-arm64, r-oldrel-macos-x86_64, r-oldrel-windows-x86_64