Last updated on 2025-10-24 12:50:07 CEST.
| Flavor | Version | Tinstall | Tcheck | Ttotal | Status | Flags |
|---|---|---|---|---|---|---|
| r-devel-linux-x86_64-debian-clang | 1.0 | 2.20 | 22.80 | 25.00 | NOTE | |
| r-devel-linux-x86_64-debian-gcc | 1.0 | 1.77 | 18.05 | 19.82 | NOTE | |
| r-devel-linux-x86_64-fedora-clang | 1.0 | 35.64 | OK | |||
| r-devel-linux-x86_64-fedora-gcc | 1.0 | 33.18 | OK | |||
| r-devel-windows-x86_64 | 1.0 | 3.00 | 38.00 | 41.00 | OK | |
| r-patched-linux-x86_64 | 1.0 | 1.93 | 21.31 | 23.24 | OK | |
| r-release-linux-x86_64 | 1.0 | 2.09 | 21.44 | 23.53 | OK | |
| r-release-macos-arm64 | 1.0 | 1.00 | 14.00 | 15.00 | OK | |
| r-release-macos-x86_64 | 1.0 | 3.00 | 23.00 | 26.00 | OK | |
| r-release-windows-x86_64 | 1.0 | 4.00 | 40.00 | 44.00 | OK | |
| r-oldrel-macos-arm64 | 1.0 | 1.00 | 15.00 | 16.00 | OK | |
| r-oldrel-macos-x86_64 | 1.0 | 3.00 | 23.00 | 26.00 | OK | |
| r-oldrel-windows-x86_64 | 1.0 | 4.00 | 41.00 | 45.00 | OK |
Version: 1.0
Check: CRAN incoming feasibility
Result: NOTE
Maintainer: ‘Carlos Biagolini-Jr.<c.biagolini@gmail.com>’
No Authors@R field in DESCRIPTION.
Please add one, modifying
Authors@R: person(given = "Carlos",
family = "Biagolini-Jr.",
role = c("aut", "cre"),
email = "c.biagolini@gmail.com")
as necessary.
Flavors: r-devel-linux-x86_64-debian-clang, r-devel-linux-x86_64-debian-gcc