Last updated on 2025-10-24 12:50:06 CEST.
| Flavor | Version | Tinstall | Tcheck | Ttotal | Status | Flags |
|---|---|---|---|---|---|---|
| r-devel-linux-x86_64-debian-clang | 3.0.1 | 1.87 | 21.87 | 23.74 | NOTE | |
| r-devel-linux-x86_64-debian-gcc | 3.0.1 | 1.44 | 17.62 | 19.06 | NOTE | |
| r-devel-linux-x86_64-fedora-clang | 3.0.1 | 34.14 | OK | |||
| r-devel-linux-x86_64-fedora-gcc | 3.0.1 | 32.70 | OK | |||
| r-devel-windows-x86_64 | 3.0.1 | 3.00 | 42.00 | 45.00 | OK | |
| r-patched-linux-x86_64 | 3.0.1 | 1.74 | 20.58 | 22.32 | OK | |
| r-release-linux-x86_64 | 3.0.1 | 1.85 | 20.95 | 22.80 | OK | |
| r-release-macos-arm64 | 3.0.1 | 1.00 | 16.00 | 17.00 | OK | |
| r-release-macos-x86_64 | 3.0.1 | 2.00 | 31.00 | 33.00 | OK | |
| r-release-windows-x86_64 | 3.0.1 | 3.00 | 44.00 | 47.00 | OK | |
| r-oldrel-macos-arm64 | 3.0.1 | 1.00 | 13.00 | 14.00 | OK | |
| r-oldrel-macos-x86_64 | 3.0.1 | 2.00 | 31.00 | 33.00 | OK | |
| r-oldrel-windows-x86_64 | 3.0.1 | 3.00 | 46.00 | 49.00 | OK |
Version: 3.0.1
Check: CRAN incoming feasibility
Result: NOTE
Maintainer: ‘Martha Corrales <martha.corrales@usa.edu.co>’
No Authors@R field in DESCRIPTION.
Please add one, modifying
Authors@R: c(person(given = "Martha",
family = "Corrales",
role = c("aut", "cre"),
email = "martha.corrales@usa.edu.co"),
person(given = "Edilberto",
family = "Cepeda-Cuervo",
role = "aut"),
person(given = c("with", "the", "colaboration", "of", "Margarita"),
family = "Marin",
role = "aut"),
person(given = c("Maria", "Fernanda"),
family = "Zarate",
role = "aut"),
person(given = "Ricardo",
family = "Duplat",
role = "aut"),
person(given = c("Campo", "Elias"),
family = "Pardo.",
role = "aut"))
as necessary.
Flavors: r-devel-linux-x86_64-debian-clang, r-devel-linux-x86_64-debian-gcc