CRAN Package Check Results for Package GSAQ

Last updated on 2025-10-24 12:50:08 CEST.

Flavor Version Tinstall Tcheck Ttotal Status Flags
r-devel-linux-x86_64-debian-clang 1.0 2.29 23.78 26.07 NOTE
r-devel-linux-x86_64-debian-gcc 1.0 1.66 18.89 20.55 NOTE
r-devel-linux-x86_64-fedora-clang 1.0 38.03 OK
r-devel-linux-x86_64-fedora-gcc 1.0 34.87 OK
r-devel-windows-x86_64 1.0 3.00 40.00 43.00 OK
r-patched-linux-x86_64 1.0 2.54 22.46 25.00 OK
r-release-linux-x86_64 1.0 2.13 22.59 24.72 OK
r-release-macos-arm64 1.0 1.00 15.00 16.00 OK
r-release-macos-x86_64 1.0 2.00 24.00 26.00 OK
r-release-windows-x86_64 1.0 3.00 40.00 43.00 OK
r-oldrel-macos-arm64 1.0 1.00 14.00 15.00 OK
r-oldrel-macos-x86_64 1.0 2.00 19.00 21.00 OK
r-oldrel-windows-x86_64 1.0 3.00 40.00 43.00 OK

Check Details

Version: 1.0
Check: CRAN incoming feasibility
Result: NOTE Maintainer: ‘Samarendra Das <samarendra.das@icar.gov.in>’ No Authors@R field in DESCRIPTION. Please add one, modifying Authors@R: person(given = "Samarendra", family = "Das", role = c("aut", "cre"), email = "samarendra.das@icar.gov.in") as necessary. Flavors: r-devel-linux-x86_64-debian-clang, r-devel-linux-x86_64-debian-gcc