Last updated on 2025-10-24 12:50:06 CEST.
| Flavor | Version | Tinstall | Tcheck | Ttotal | Status | Flags |
|---|---|---|---|---|---|---|
| r-devel-linux-x86_64-debian-clang | 1.1 | 2.36 | 23.29 | 25.65 | NOTE | |
| r-devel-linux-x86_64-debian-gcc | 1.1 | 1.63 | 18.20 | 19.83 | NOTE | |
| r-devel-linux-x86_64-fedora-clang | 1.1 | 36.18 | OK | |||
| r-devel-linux-x86_64-fedora-gcc | 1.1 | 36.72 | OK | |||
| r-devel-windows-x86_64 | 1.1 | 2.00 | 43.00 | 45.00 | OK | |
| r-patched-linux-x86_64 | 1.1 | 1.77 | 22.11 | 23.88 | OK | |
| r-release-linux-x86_64 | 1.1 | 2.10 | 22.12 | 24.22 | OK | |
| r-release-macos-arm64 | 1.1 | 1.00 | 17.00 | 18.00 | OK | |
| r-release-macos-x86_64 | 1.1 | 3.00 | 31.00 | 34.00 | OK | |
| r-release-windows-x86_64 | 1.1 | 4.00 | 45.00 | 49.00 | OK | |
| r-oldrel-macos-arm64 | 1.1 | 1.00 | 14.00 | 15.00 | OK | |
| r-oldrel-macos-x86_64 | 1.1 | 3.00 | 21.00 | 24.00 | OK | |
| r-oldrel-windows-x86_64 | 1.1 | 4.00 | 45.00 | 49.00 | OK |
Version: 1.1
Check: CRAN incoming feasibility
Result: NOTE
Maintainer: ‘Yao Lin <zaiyaolin@gmail.com>’
No Authors@R field in DESCRIPTION.
Please add one, modifying
Authors@R: c(person(given = "Tzu-Yao",
family = "Lin",
role = "aut"),
person(given = "Yao",
family = "Lin",
role = "cre",
email = "zaiyaolin@gmail.com"))
as necessary.
Flavors: r-devel-linux-x86_64-debian-clang, r-devel-linux-x86_64-debian-gcc