Last updated on 2025-10-24 00:51:03 CEST.
| Flavor | Version | Tinstall | Tcheck | Ttotal | Status | Flags |
|---|---|---|---|---|---|---|
| r-devel-linux-x86_64-debian-clang | 0.4 | 2.46 | 29.91 | 32.37 | NOTE | |
| r-devel-linux-x86_64-debian-gcc | 0.4 | 1.90 | 22.98 | 24.88 | NOTE | |
| r-devel-linux-x86_64-fedora-clang | 0.4 | 46.90 | OK | |||
| r-devel-linux-x86_64-fedora-gcc | 0.4 | 45.39 | OK | |||
| r-devel-windows-x86_64 | 0.4 | 4.00 | 44.00 | 48.00 | OK | |
| r-patched-linux-x86_64 | 0.4 | 2.70 | 27.71 | 30.41 | OK | |
| r-release-linux-x86_64 | 0.4 | 2.40 | 27.71 | 30.11 | OK | |
| r-release-macos-arm64 | 0.4 | 1.00 | 17.00 | 18.00 | OK | |
| r-release-macos-x86_64 | 0.4 | 2.00 | 25.00 | 27.00 | OK | |
| r-release-windows-x86_64 | 0.4 | 4.00 | 46.00 | 50.00 | OK | |
| r-oldrel-macos-arm64 | 0.4 | 1.00 | 17.00 | 18.00 | OK | |
| r-oldrel-macos-x86_64 | 0.4 | 2.00 | 23.00 | 25.00 | OK | |
| r-oldrel-windows-x86_64 | 0.4 | 4.00 | 45.00 | 49.00 | OK |
Version: 0.4
Check: CRAN incoming feasibility
Result: NOTE
Maintainer: ‘Reiichiro Nakamichi <nakamichi@affrc.go.jp>’
No Authors@R field in DESCRIPTION.
Please add one, modifying
Authors@R: c(person(given = "Reiichiro",
family = "Nakamichi",
role = c("aut", "cre"),
email = "nakamichi@affrc.go.jp"),
person(given = "Shuichi",
family = "Kitada",
role = "aut"),
person(given = "Hirohisa",
family = "Kishino",
role = "aut"))
as necessary.
Flavors: r-devel-linux-x86_64-debian-clang, r-devel-linux-x86_64-debian-gcc