CRAN Package Check Results for Package FSTpackage

Last updated on 2025-07-04 00:50:04 CEST.

Flavor Version Tinstall Tcheck Ttotal Status Flags
r-devel-linux-x86_64-debian-clang 0.1 7.17 63.47 70.64 NOTE
r-devel-linux-x86_64-debian-gcc 0.1 5.17 48.69 53.86 NOTE
r-devel-linux-x86_64-fedora-clang 0.1 112.69 OK
r-devel-linux-x86_64-fedora-gcc 0.1 101.55 OK
r-devel-windows-x86_64 0.1 8.00 73.00 81.00 OK
r-patched-linux-x86_64 0.1 7.41 61.17 68.58 OK
r-release-linux-x86_64 0.1 6.78 59.02 65.80 OK
r-release-macos-arm64 0.1 37.00 OK
r-release-macos-x86_64 0.1 61.00 OK
r-release-windows-x86_64 0.1 8.00 75.00 83.00 OK
r-oldrel-macos-arm64 0.1 34.00 OK
r-oldrel-macos-x86_64 0.1 53.00 OK
r-oldrel-windows-x86_64 0.1 11.00 90.00 101.00 OK

Check Details

Version: 0.1
Check: CRAN incoming feasibility
Result: NOTE Maintainer: ‘Zihuai He <zihuai@umich.edu>’ No Authors@R field in DESCRIPTION. Please add one, modifying Authors@R: person(given = "Zihuai", family = "He", role = c("aut", "cre"), email = "zihuai@umich.edu") as necessary. Flavors: r-devel-linux-x86_64-debian-clang, r-devel-linux-x86_64-debian-gcc