Last updated on 2025-10-24 12:50:06 CEST.
| Flavor | Version | Tinstall | Tcheck | Ttotal | Status | Flags |
|---|---|---|---|---|---|---|
| r-devel-linux-x86_64-debian-clang | 1.0 | 1.70 | 20.55 | 22.25 | NOTE | |
| r-devel-linux-x86_64-debian-gcc | 1.0 | 1.40 | 16.99 | 18.39 | NOTE | |
| r-devel-linux-x86_64-fedora-clang | 1.0 | 32.55 | OK | |||
| r-devel-linux-x86_64-fedora-gcc | 1.0 | 30.73 | OK | |||
| r-devel-windows-x86_64 | 1.0 | 3.00 | 46.00 | 49.00 | OK | |
| r-patched-linux-x86_64 | 1.0 | 1.61 | 19.70 | 21.31 | OK | |
| r-release-linux-x86_64 | 1.0 | 1.67 | 19.77 | 21.44 | OK | |
| r-release-macos-arm64 | 1.0 | 1.00 | 16.00 | 17.00 | OK | |
| r-release-macos-x86_64 | 1.0 | 2.00 | 22.00 | 24.00 | OK | |
| r-release-windows-x86_64 | 1.0 | 4.00 | 44.00 | 48.00 | OK | |
| r-oldrel-macos-arm64 | 1.0 | 1.00 | 14.00 | 15.00 | OK | |
| r-oldrel-macos-x86_64 | 1.0 | 2.00 | 20.00 | 22.00 | OK | |
| r-oldrel-windows-x86_64 | 1.0 | 4.00 | 43.00 | 47.00 | OK |
Version: 1.0
Check: CRAN incoming feasibility
Result: NOTE
Maintainer: ‘Nan Lin <edmondlinnan@gmail.com>’
No Authors@R field in DESCRIPTION.
Please add one, modifying
Authors@R: c(person(given = "Nan",
family = "Lin",
role = c("aut", "cre"),
email = "edmondlinnan@gmail.com"),
person(given = "Momiao",
family = "Xiong",
role = "aut"))
as necessary.
Flavors: r-devel-linux-x86_64-debian-clang, r-devel-linux-x86_64-debian-gcc