Last updated on 2024-06-14 13:56:18 CEST.
Flavor | Version | Tinstall | Tcheck | Ttotal | Status | Flags |
---|---|---|---|---|---|---|
r-devel-linux-x86_64-debian-clang | 0.3.1 | 6.19 | 114.04 | 120.23 | OK | |
r-devel-linux-x86_64-debian-gcc | 0.3.1 | 6.61 | 81.87 | 88.48 | OK | |
r-devel-linux-x86_64-fedora-clang | 0.3.1 | 147.37 | OK | |||
r-devel-linux-x86_64-fedora-gcc | 0.3.1 | 145.51 | OK | |||
r-devel-windows-x86_64 | 0.3.1 | 8.00 | 101.00 | 109.00 | OK | |
r-patched-linux-x86_64 | 0.3.1 | 9.70 | 108.80 | 118.50 | OK | |
r-release-linux-x86_64 | 0.3.1 | 6.84 | 109.06 | 115.90 | OK | |
r-release-macos-arm64 | 0.3.1 | 38.00 | OK | |||
r-release-macos-x86_64 | 0.3.1 | 68.00 | OK | |||
r-release-windows-x86_64 | 0.3.1 | 8.00 | 6.00 | 14.00 | FAIL | |
r-oldrel-macos-arm64 | 0.3.1 | 43.00 | OK | |||
r-oldrel-macos-x86_64 | 0.3.1 | 72.00 | OK | |||
r-oldrel-windows-x86_64 | 0.3.1 | 10.00 | 127.00 | 137.00 | OK |
Version: 0.3.1
Check: code files for non-ASCII characters
Result: FAIL
Flavor: r-release-windows-x86_64