Last updated on 2025-07-04 00:50:02 CEST.
Flavor | Version | Tinstall | Tcheck | Ttotal | Status | Flags |
---|---|---|---|---|---|---|
r-devel-linux-x86_64-debian-clang | 1.3.0 | 459.81 | 27.26 | 487.07 | NOTE | |
r-devel-linux-x86_64-debian-gcc | 1.3.0 | 403.42 | 52.81 | 456.23 | NOTE | |
r-devel-linux-x86_64-fedora-clang | 1.3.0 | 781.39 | OK | |||
r-devel-linux-x86_64-fedora-gcc | 1.3.0 | 1059.77 | OK | |||
r-devel-windows-x86_64 | 1.3.0 | 437.00 | 110.00 | 547.00 | OK | |
r-patched-linux-x86_64 | 1.3.0 | 548.97 | 67.03 | 616.00 | OK | |
r-release-linux-x86_64 | 1.3.0 | 520.31 | 66.81 | 587.12 | OK | |
r-release-macos-arm64 | 1.3.0 | 201.00 | OK | |||
r-release-macos-x86_64 | 1.3.0 | 178.00 | OK | |||
r-release-windows-x86_64 | 1.3.0 | 448.00 | 115.00 | 563.00 | OK | |
r-oldrel-macos-arm64 | 1.3.0 | 223.00 | NOTE | |||
r-oldrel-macos-x86_64 | 1.3.0 | 155.00 | NOTE | |||
r-oldrel-windows-x86_64 | 1.3.0 | 548.00 | 121.00 | 669.00 | OK |
Version: 1.3.0
Check: CRAN incoming feasibility
Result: NOTE
Maintainer: ‘Stéphane Laurent <laurent_step@outlook.fr>’
No Authors@R field in DESCRIPTION.
Please add one, modifying
Authors@R: person(given = "Stéphane",
family = "Laurent",
role = c("aut", "cre"),
email = "laurent_step@outlook.fr")
as necessary.
Flavors: r-devel-linux-x86_64-debian-clang, r-devel-linux-x86_64-debian-gcc
Version: 1.3.0
Check: installed package size
Result: NOTE
installed size is 162.9Mb
sub-directories of 1Mb or more:
libs 162.8Mb
Flavors: r-oldrel-macos-arm64, r-oldrel-macos-x86_64