Last updated on 2025-10-24 12:50:03 CEST.
| Flavor | Version | Tinstall | Tcheck | Ttotal | Status | Flags |
|---|---|---|---|---|---|---|
| r-devel-linux-x86_64-debian-clang | 1.0 | 1.86 | 19.06 | 20.92 | OK | |
| r-devel-linux-x86_64-debian-gcc | 1.0 | 1.53 | 15.50 | 17.03 | OK | |
| r-devel-linux-x86_64-fedora-clang | 1.0 | 31.14 | OK | |||
| r-devel-linux-x86_64-fedora-gcc | 1.0 | 29.39 | OK | |||
| r-devel-windows-x86_64 | 1.0 | 3.00 | 36.00 | 39.00 | OK | |
| r-patched-linux-x86_64 | 1.0 | 1.87 | 18.08 | 19.95 | OK | |
| r-release-linux-x86_64 | 1.0 | 1.65 | 18.15 | 19.80 | OK | |
| r-release-macos-arm64 | 1.0 | 1.00 | 14.00 | 15.00 | OK | |
| r-release-macos-x86_64 | 1.0 | 2.00 | 19.00 | 21.00 | OK | |
| r-release-windows-x86_64 | 1.0 | 2.00 | 38.00 | 40.00 | OK | |
| r-oldrel-macos-arm64 | 1.0 | 1.00 | 13.00 | 14.00 | NOTE | |
| r-oldrel-macos-x86_64 | 1.0 | 1.00 | 19.00 | 20.00 | NOTE | |
| r-oldrel-windows-x86_64 | 1.0 | 3.00 | 38.00 | 41.00 | NOTE |
Version: 1.0
Check: LazyData
Result: NOTE
'LazyData' is specified without a 'data' directory
Flavors: r-oldrel-macos-arm64, r-oldrel-macos-x86_64, r-oldrel-windows-x86_64