Last updated on 2025-10-24 12:50:04 CEST.
| Flavor | Version | Tinstall | Tcheck | Ttotal | Status | Flags |
|---|---|---|---|---|---|---|
| r-devel-linux-x86_64-debian-clang | 1.0.1 | 1.95 | 19.66 | 21.61 | OK | |
| r-devel-linux-x86_64-debian-gcc | 1.0.1 | 1.54 | 16.54 | 18.08 | OK | |
| r-devel-linux-x86_64-fedora-clang | 1.0.1 | 31.96 | OK | |||
| r-devel-linux-x86_64-fedora-gcc | 1.0.1 | 30.69 | OK | |||
| r-devel-windows-x86_64 | 1.0.1 | 4.00 | 37.00 | 41.00 | OK | |
| r-patched-linux-x86_64 | 1.0.1 | 1.55 | 18.73 | 20.28 | OK | |
| r-release-linux-x86_64 | 1.0.1 | 1.38 | 18.86 | 20.24 | OK | |
| r-release-macos-arm64 | 1.0.1 | 1.00 | 13.00 | 14.00 | OK | |
| r-release-macos-x86_64 | 1.0.1 | 2.00 | 26.00 | 28.00 | OK | |
| r-release-windows-x86_64 | 1.0.1 | 3.00 | 39.00 | 42.00 | OK | |
| r-oldrel-macos-arm64 | 1.0.1 | 1.00 | 12.00 | 13.00 | NOTE | |
| r-oldrel-macos-x86_64 | 1.0.1 | 2.00 | 19.00 | 21.00 | NOTE | |
| r-oldrel-windows-x86_64 | 1.0.1 | 4.00 | 38.00 | 42.00 | NOTE |
Version: 1.0.1
Check: LazyData
Result: NOTE
'LazyData' is specified without a 'data' directory
Flavors: r-oldrel-macos-arm64, r-oldrel-macos-x86_64, r-oldrel-windows-x86_64