Last updated on 2025-10-24 12:50:04 CEST.
| Flavor | Version | Tinstall | Tcheck | Ttotal | Status | Flags |
|---|---|---|---|---|---|---|
| r-devel-linux-x86_64-debian-clang | 1.0 | 1.49 | 19.36 | 20.85 | OK | |
| r-devel-linux-x86_64-debian-gcc | 1.0 | 1.40 | 15.81 | 17.21 | OK | |
| r-devel-linux-x86_64-fedora-clang | 1.0 | 29.93 | OK | |||
| r-devel-linux-x86_64-fedora-gcc | 1.0 | 28.83 | OK | |||
| r-devel-windows-x86_64 | 1.0 | 3.00 | 34.00 | 37.00 | OK | |
| r-patched-linux-x86_64 | 1.0 | 1.90 | 17.83 | 19.73 | OK | |
| r-release-linux-x86_64 | 1.0 | 1.83 | 17.97 | 19.80 | OK | |
| r-release-macos-arm64 | 1.0 | 1.00 | 13.00 | 14.00 | OK | |
| r-release-macos-x86_64 | 1.0 | 2.00 | 28.00 | 30.00 | OK | |
| r-release-windows-x86_64 | 1.0 | 3.00 | 36.00 | 39.00 | OK | |
| r-oldrel-macos-arm64 | 1.0 | 1.00 | 12.00 | 13.00 | NOTE | |
| r-oldrel-macos-x86_64 | 1.0 | 2.00 | 22.00 | 24.00 | NOTE | |
| r-oldrel-windows-x86_64 | 1.0 | 3.00 | 35.00 | 38.00 | NOTE |
Version: 1.0
Check: LazyData
Result: NOTE
'LazyData' is specified without a 'data' directory
Flavors: r-oldrel-macos-arm64, r-oldrel-macos-x86_64, r-oldrel-windows-x86_64