CRAN Package Check Results for Package DirectStandardisation

Last updated on 2025-10-24 12:50:02 CEST.

Flavor Version Tinstall Tcheck Ttotal Status Flags
r-devel-linux-x86_64-debian-clang 1.3 2.08 20.30 22.38 NOTE
r-devel-linux-x86_64-debian-gcc 1.3 1.68 16.43 18.11 NOTE
r-devel-linux-x86_64-fedora-clang 1.3 32.53 OK
r-devel-linux-x86_64-fedora-gcc 1.3 31.30 OK
r-devel-windows-x86_64 1.3 3.00 36.00 39.00 OK
r-patched-linux-x86_64 1.3 2.08 19.00 21.08 OK
r-release-linux-x86_64 1.3 2.07 18.85 20.92 OK
r-release-macos-arm64 1.3 1.00 14.00 15.00 OK
r-release-macos-x86_64 1.3 2.00 21.00 23.00 OK
r-release-windows-x86_64 1.3 3.00 36.00 39.00 OK
r-oldrel-macos-arm64 1.3 1.00 13.00 14.00 OK
r-oldrel-macos-x86_64 1.3 2.00 17.00 19.00 OK
r-oldrel-windows-x86_64 1.3 4.00 36.00 40.00 OK

Check Details

Version: 1.3
Check: CRAN incoming feasibility
Result: NOTE Maintainer: ‘Christiana Kartsonaki <christiana.kartsonaki@gmail.com>’ No Authors@R field in DESCRIPTION. Please add one, modifying Authors@R: person(given = "Christiana", family = "Kartsonaki", role = c("aut", "cre"), email = "christiana.kartsonaki@gmail.com") as necessary. Flavors: r-devel-linux-x86_64-debian-clang, r-devel-linux-x86_64-debian-gcc