Last updated on 2024-06-08 00:53:16 CEST.
Flavor | Version | Tinstall | Tcheck | Ttotal | Status | Flags |
---|---|---|---|---|---|---|
r-devel-linux-x86_64-debian-clang | 2.2.0 | 75.55 | 258.10 | 333.65 | OK | |
r-devel-linux-x86_64-debian-gcc | 2.2.0 | 51.26 | 181.59 | 232.85 | OK | |
r-devel-linux-x86_64-fedora-clang | 2.2.0 | 426.46 | OK | |||
r-devel-linux-x86_64-fedora-gcc | 2.2.0 | 432.83 | OK | |||
r-devel-windows-x86_64 | 2.2.0 | 58.00 | 208.00 | 266.00 | OK | |
r-patched-linux-x86_64 | 2.2.0 | 58.89 | 241.24 | 300.13 | OK | |
r-release-linux-x86_64 | 2.2.0 | 47.24 | 248.36 | 295.60 | OK | |
r-release-macos-arm64 | 2.2.0 | 67.00 | OK | |||
r-release-macos-x86_64 | 2.2.0 | 171.00 | OK | |||
r-release-windows-x86_64 | 2.2.0 | 62.00 | 62.00 | 124.00 | FAIL | |
r-oldrel-macos-arm64 | 2.2.0 | 87.00 | OK | |||
r-oldrel-macos-x86_64 | 2.2.0 | 221.00 | OK | |||
r-oldrel-windows-x86_64 | 2.2.0 | 72.00 | 274.00 | 346.00 | OK |
Version: 2.2.0
Check: whether the package can be loaded with stated dependencies
Result: WARN
Fatal error: couldn't allocate node stack
It looks like this package (or one of its dependent packages) has an
unstated dependence on a standard package. All dependencies must be
declared in DESCRIPTION.
See section 'The DESCRIPTION file' in the 'Writing R Extensions'
manual.
Flavor: r-release-windows-x86_64
Version: 2.2.0
Check: S3 generic/method consistency
Result: WARN
Fatal error: couldn't allocate node stack
See section 'Generic functions and methods' in the 'Writing R
Extensions' manual.
Flavor: r-release-windows-x86_64
Version: 2.2.0
Check: Rd \usage sections
Result: WARN
Fatal error: couldn't allocate node stack
Functions with \usage entries need to have the appropriate \alias
entries, and all their arguments documented.
The \usage entries must correspond to syntactically valid R code.
See chapter 'Writing R documentation files' in the 'Writing R
Extensions' manual.
Flavor: r-release-windows-x86_64
Version: 2.2.0
Check: Rd contents
Result: FAIL
Flavor: r-release-windows-x86_64