Last updated on 2025-10-24 00:51:00 CEST.
| Flavor | Version | Tinstall | Tcheck | Ttotal | Status | Flags |
|---|---|---|---|---|---|---|
| r-devel-linux-x86_64-debian-clang | 1.1.3 | 4.04 | 28.83 | 32.87 | NOTE | |
| r-devel-linux-x86_64-debian-gcc | 1.1.3 | 2.77 | 21.57 | 24.34 | NOTE | |
| r-devel-linux-x86_64-fedora-clang | 1.1.3 | 47.22 | OK | |||
| r-devel-linux-x86_64-fedora-gcc | 1.1.3 | 44.69 | OK | |||
| r-devel-windows-x86_64 | 1.1.3 | 6.00 | 46.00 | 52.00 | OK | |
| r-patched-linux-x86_64 | 1.1.3 | 3.95 | 26.96 | 30.91 | OK | |
| r-release-linux-x86_64 | 1.1.3 | 3.58 | 26.92 | 30.50 | OK | |
| r-release-macos-arm64 | 1.1.3 | 3.00 | 17.00 | 20.00 | OK | |
| r-release-macos-x86_64 | 1.1.3 | 6.00 | 26.00 | 32.00 | OK | |
| r-release-windows-x86_64 | 1.1.3 | 6.00 | 48.00 | 54.00 | OK | |
| r-oldrel-macos-arm64 | 1.1.3 | 3.00 | 16.00 | 19.00 | OK | |
| r-oldrel-macos-x86_64 | 1.1.3 | 3.00 | 23.00 | 26.00 | OK | |
| r-oldrel-windows-x86_64 | 1.1.3 | 7.00 | 46.00 | 53.00 | OK |
Version: 1.1.3
Check: CRAN incoming feasibility
Result: NOTE
Maintainer: ‘Bill Wheeler <wheelerb@imsweb.com>’
No Authors@R field in DESCRIPTION.
Please add one, modifying
Authors@R: c(person(given = "Zhenzhen",
family = "Xu",
role = "aut",
email = "Zhenzhen.Xu@fda.hhs.gov"),
person(given = "Boguang",
family = "Zhen",
role = "aut",
email = "Boguang.Zhen@fda.hhs.gov"),
person(given = "Yongsoek",
family = "Park",
role = "aut",
email = "yongpark@pitt.edu"),
person(given = "Bin",
family = "Zhu",
role = "aut",
email = "bin.zhu@nih.gov"),
person(given = "Bill",
family = "Wheeler",
role = "cre",
email = "wheelerb@imsweb.com"))
as necessary.
Flavors: r-devel-linux-x86_64-debian-clang, r-devel-linux-x86_64-debian-gcc