Last updated on 2024-06-13 00:55:12 CEST.
Flavor | Version | Tinstall | Tcheck | Ttotal | Status | Flags |
---|---|---|---|---|---|---|
r-devel-linux-x86_64-debian-clang | 1.4.0 | 14.97 | 145.69 | 160.66 | OK | |
r-devel-linux-x86_64-debian-gcc | 1.4.0 | 0.53 | 1.84 | 2.37 | ERROR | |
r-devel-linux-x86_64-fedora-clang | 1.4.0 | 195.87 | OK | |||
r-devel-linux-x86_64-fedora-gcc | 1.4.0 | 243.62 | OK | |||
r-devel-windows-x86_64 | 1.4.0 | 14.00 | 129.00 | 143.00 | OK | |
r-patched-linux-x86_64 | 1.4.0 | 19.05 | 143.07 | 162.12 | OK | |
r-release-linux-x86_64 | 1.4.0 | 14.47 | 136.32 | 150.79 | OK | |
r-release-macos-arm64 | 1.4.0 | 75.00 | OK | |||
r-release-macos-x86_64 | 1.4.0 | 146.00 | OK | |||
r-release-windows-x86_64 | 1.4.0 | 15.00 | 117.00 | 132.00 | ERROR | |
r-oldrel-macos-arm64 | 1.4.0 | 80.00 | OK | |||
r-oldrel-macos-x86_64 | 1.4.0 | 130.00 | OK | |||
r-oldrel-windows-x86_64 | 1.4.0 | 18.00 | 146.00 | 164.00 | OK |
Version: 1.4.0
Check: package dependencies
Result: ERROR
Package required but not available: ‘DSI’
Package suggested but not available for checking: ‘testthat’
See section ‘The DESCRIPTION file’ in the ‘Writing R Extensions’
manual.
Flavor: r-devel-linux-x86_64-debian-gcc
Version: 1.4.0
Check: re-building of vignette outputs
Result: ERROR
Error(s) in re-building vignettes:
--- re-building 'developing-with-dslite.Rmd' using rmarkdown
pandoc.exe: osCommitMemory: VirtualAlloc MEM_COMMIT failed to commit 1048576 bytes of memory (error code: 1455): Die Auslagerungsdatei ist zu klein, um diesen Vorgang durchzuf<fc>hren.
Error: processing vignette 'developing-with-dslite.Rmd' failed with diagnostics:
pandoc document conversion failed with error 251
--- failed re-building 'developing-with-dslite.Rmd'
SUMMARY: processing the following file failed:
'developing-with-dslite.Rmd'
Error: Vignette re-building failed.
Execution halted
Flavor: r-release-windows-x86_64
Version: 1.4.0
Check: PDF version of manual
Result: WARN
LaTeX errors when creating PDF version.
This typically indicates Rd problems.
Flavor: r-release-windows-x86_64
Version: 1.4.0
Check: PDF version of manual without index
Result: ERROR
Re-running with no redirection of stdout/stderr.
Flavor: r-release-windows-x86_64