Last updated on 2025-10-24 12:50:03 CEST.
| Flavor | Version | Tinstall | Tcheck | Ttotal | Status | Flags |
|---|---|---|---|---|---|---|
| r-devel-linux-x86_64-debian-clang | 1.0 | 2.78 | 25.04 | 27.82 | NOTE | |
| r-devel-linux-x86_64-debian-gcc | 1.0 | 1.99 | 19.24 | 21.23 | NOTE | |
| r-devel-linux-x86_64-fedora-clang | 1.0 | 41.71 | OK | |||
| r-devel-linux-x86_64-fedora-gcc | 1.0 | 39.70 | OK | |||
| r-devel-windows-x86_64 | 1.0 | 3.00 | 40.00 | 43.00 | OK | |
| r-patched-linux-x86_64 | 1.0 | 2.32 | 23.79 | 26.11 | OK | |
| r-release-linux-x86_64 | 1.0 | 2.86 | 23.44 | 26.30 | OK | |
| r-release-macos-arm64 | 1.0 | 2.00 | 18.00 | 20.00 | OK | |
| r-release-macos-x86_64 | 1.0 | 2.00 | 28.00 | 30.00 | OK | |
| r-release-windows-x86_64 | 1.0 | 3.00 | 41.00 | 44.00 | OK | |
| r-oldrel-macos-arm64 | 1.0 | 1.00 | 15.00 | 16.00 | OK | |
| r-oldrel-macos-x86_64 | 1.0 | 2.00 | 26.00 | 28.00 | OK | |
| r-oldrel-windows-x86_64 | 1.0 | 3.00 | 41.00 | 44.00 | OK |
Version: 1.0
Check: CRAN incoming feasibility
Result: NOTE
Maintainer: ‘Hasinur Rahaman Khan <hasinurkhan@gmail.com>’
No Authors@R field in DESCRIPTION.
Please add one, modifying
Authors@R: c(person(given = "Faisal",
family = "Ababneh",
role = "aut"),
person(given = "John",
family = "Robinson",
role = "aut"),
person(given = c("Lars", "S"),
family = "Jermiin",
role = "aut"),
person(given = c("Hasinur", "Rahaman"),
family = "Khan",
role = c("aut", "cre"),
email = "hasinurkhan@gmail.com"))
as necessary.
Flavors: r-devel-linux-x86_64-debian-clang, r-devel-linux-x86_64-debian-gcc