Last updated on 2025-10-24 12:50:01 CEST.
| Flavor | Version | Tinstall | Tcheck | Ttotal | Status | Flags |
|---|---|---|---|---|---|---|
| r-devel-linux-x86_64-debian-clang | 2.9 | 11.98 | 53.37 | 65.35 | NOTE | |
| r-devel-linux-x86_64-debian-gcc | 2.9 | 7.41 | 35.03 | 42.44 | NOTE | |
| r-devel-linux-x86_64-fedora-clang | 2.9 | 25.00 | 76.19 | 101.19 | OK | |
| r-devel-linux-x86_64-fedora-gcc | 2.9 | 24.00 | 71.10 | 95.10 | OK | |
| r-devel-windows-x86_64 | 2.9 | 13.00 | 68.00 | 81.00 | OK | |
| r-patched-linux-x86_64 | 2.9 | 10.78 | 52.38 | 63.16 | OK | |
| r-release-linux-x86_64 | 2.9 | 11.11 | 51.43 | 62.54 | OK | |
| r-release-macos-arm64 | 2.9 | 5.00 | 22.00 | 27.00 | OK | |
| r-release-macos-x86_64 | 2.9 | 10.00 | 44.00 | 54.00 | OK | |
| r-release-windows-x86_64 | 2.9 | 10.00 | 66.00 | 76.00 | OK | |
| r-oldrel-macos-arm64 | 2.9 | 4.00 | 26.00 | 30.00 | OK | |
| r-oldrel-macos-x86_64 | 2.9 | 8.00 | 33.00 | 41.00 | OK | |
| r-oldrel-windows-x86_64 | 2.9 | 11.00 | 65.00 | 76.00 | OK |
Version: 2.9
Check: CRAN incoming feasibility
Result: NOTE
Maintainer: ‘Takeshi Emura <takeshiemura@gmail.com>’
No Authors@R field in DESCRIPTION.
Please add one, modifying
Authors@R: c(person(given = "Takeshi",
family = "Emura",
role = c("aut", "cre"),
email = "takeshiemura@gmail.com"),
person(given = "Xinwei",
family = "Huang",
role = "aut"),
person(given = "Ting-Hsuan",
family = "Long",
role = "aut"),
person(given = "Li-Hsien",
family = "Sun",
role = "aut"))
as necessary.
Flavors: r-devel-linux-x86_64-debian-clang, r-devel-linux-x86_64-debian-gcc
Version: 2.9
Check: Rd files
Result: NOTE
checkRd: (-1) Copula.Markov-package.Rd:14-20: Only 2 columns allowed in this table (row 5 has 1)
Flavors: r-devel-linux-x86_64-debian-clang, r-devel-linux-x86_64-debian-gcc