Last updated on 2025-10-24 12:50:00 CEST.
| Flavor | Version | Tinstall | Tcheck | Ttotal | Status | Flags |
|---|---|---|---|---|---|---|
| r-devel-linux-x86_64-debian-clang | 1.2 | 2.73 | 27.95 | 30.68 | NOTE | |
| r-devel-linux-x86_64-debian-gcc | 1.2 | 2.11 | 22.27 | 24.38 | NOTE | |
| r-devel-linux-x86_64-fedora-clang | 1.2 | 45.69 | OK | |||
| r-devel-linux-x86_64-fedora-gcc | 1.2 | 46.01 | OK | |||
| r-devel-windows-x86_64 | 1.2 | 5.00 | 51.00 | 56.00 | OK | |
| r-patched-linux-x86_64 | 1.2 | 2.46 | 27.24 | 29.70 | OK | |
| r-release-linux-x86_64 | 1.2 | 2.79 | 27.50 | 30.29 | OK | |
| r-release-macos-arm64 | 1.2 | 1.00 | 38.00 | 39.00 | OK | |
| r-release-macos-x86_64 | 1.2 | 3.00 | 56.00 | 59.00 | OK | |
| r-release-windows-x86_64 | 1.2 | 7.00 | 71.00 | 78.00 | OK | |
| r-oldrel-macos-arm64 | 1.2 | 1.00 | 35.00 | 36.00 | OK | |
| r-oldrel-macos-x86_64 | 1.2 | 3.00 | 51.00 | 54.00 | OK | |
| r-oldrel-windows-x86_64 | 1.2 | 6.00 | 61.00 | 67.00 | OK |
Version: 1.2
Check: Rd files
Result: NOTE
checkRd: (-1) ChangepointTesting-package.Rd:18-24: Only 2 columns allowed in this table (row 5 has 1)
Flavors: r-devel-linux-x86_64-debian-clang, r-devel-linux-x86_64-debian-gcc