Last updated on 2025-10-24 12:50:01 CEST.
| Flavor | Version | Tinstall | Tcheck | Ttotal | Status | Flags |
|---|---|---|---|---|---|---|
| r-devel-linux-x86_64-debian-clang | 3.2 | 3.51 | 27.48 | 30.99 | NOTE | |
| r-devel-linux-x86_64-debian-gcc | 3.2 | 2.36 | 21.19 | 23.55 | NOTE | |
| r-devel-linux-x86_64-fedora-clang | 3.2 | 46.67 | OK | |||
| r-devel-linux-x86_64-fedora-gcc | 3.2 | 44.98 | OK | |||
| r-devel-windows-x86_64 | 3.2 | 5.00 | 44.00 | 49.00 | OK | |
| r-patched-linux-x86_64 | 3.2 | 3.40 | 26.23 | 29.63 | OK | |
| r-release-linux-x86_64 | 3.2 | 3.24 | 26.21 | 29.45 | OK | |
| r-release-macos-arm64 | 3.2 | 2.00 | 15.00 | 17.00 | OK | |
| r-release-macos-x86_64 | 3.2 | 4.00 | 29.00 | 33.00 | OK | |
| r-release-windows-x86_64 | 3.2 | 5.00 | 46.00 | 51.00 | OK | |
| r-oldrel-macos-arm64 | 3.2 | 1.00 | 21.00 | 22.00 | OK | |
| r-oldrel-macos-x86_64 | 3.2 | 2.00 | 30.00 | 32.00 | OK | |
| r-oldrel-windows-x86_64 | 3.2 | 3.00 | 45.00 | 48.00 | OK |
Version: 3.2
Check: CRAN incoming feasibility
Result: NOTE
Maintainer: ‘Guoli Sun <guolisun87@gmail.com>’
No Authors@R field in DESCRIPTION.
Please add one, modifying
Authors@R: c(person(given = "Alex",
family = "Krasnitz",
role = "aut"),
person(given = "Guoli",
family = "Sun",
role = c("aut", "cre"),
email = "guolisun87@gmail.com"))
as necessary.
Flavors: r-devel-linux-x86_64-debian-clang, r-devel-linux-x86_64-debian-gcc