CRAN Package Check Results for Package CLAST

Last updated on 2025-10-24 12:50:01 CEST.

Flavor Version Tinstall Tcheck Ttotal Status Flags
r-devel-linux-x86_64-debian-clang 1.0.1 2.49 24.62 27.11 NOTE
r-devel-linux-x86_64-debian-gcc 1.0.1 2.00 19.33 21.33 NOTE
r-devel-linux-x86_64-fedora-clang 1.0.1 40.49 OK
r-devel-linux-x86_64-fedora-gcc 1.0.1 38.51 OK
r-devel-windows-x86_64 1.0.1 4.00 46.00 50.00 OK
r-patched-linux-x86_64 1.0.1 2.53 23.28 25.81 OK
r-release-linux-x86_64 1.0.1 2.47 22.97 25.44 OK
r-release-macos-arm64 1.0.1 2.00 16.00 18.00 OK
r-release-macos-x86_64 1.0.1 2.00 24.00 26.00 OK
r-release-windows-x86_64 1.0.1 3.00 47.00 50.00 OK
r-oldrel-macos-arm64 1.0.1 1.00 19.00 20.00 OK
r-oldrel-macos-x86_64 1.0.1 2.00 34.00 36.00 OK
r-oldrel-windows-x86_64 1.0.1 3.00 44.00 47.00 OK

Check Details

Version: 1.0.1
Check: CRAN incoming feasibility
Result: NOTE Maintainer: ‘Chris J. Lloyd <c.lloyd@mbs.edu>’ No Authors@R field in DESCRIPTION. Please add one, modifying Authors@R: person(given = c("Chris", "J."), family = "Lloyd", role = c("aut", "cre"), email = "c.lloyd@mbs.edu") as necessary. Flavors: r-devel-linux-x86_64-debian-clang, r-devel-linux-x86_64-debian-gcc