Last updated on 2025-11-21 00:48:27 CET.
| Flavor | Version | Tinstall | Tcheck | Ttotal | Status | Flags |
|---|---|---|---|---|---|---|
| r-devel-linux-x86_64-debian-clang | 0.2.3 | 65.20 | 514.33 | 579.53 | OK | |
| r-devel-linux-x86_64-debian-gcc | 0.2.3 | 57.71 | 377.21 | 434.92 | OK | |
| r-devel-linux-x86_64-fedora-clang | 0.2.3 | 462.00 | 607.63 | 1069.63 | OK | |
| r-devel-linux-x86_64-fedora-gcc | 0.2.3 | 213.00 | 796.93 | 1009.93 | OK | |
| r-devel-windows-x86_64 | 0.2.3 | 107.00 | 481.00 | 588.00 | OK | |
| r-patched-linux-x86_64 | 0.2.3 | 65.56 | 498.84 | 564.40 | OK | |
| r-release-linux-x86_64 | 0.2.3 | 62.64 | 503.52 | 566.16 | OK | |
| r-release-macos-arm64 | 0.2.3 | OK | ||||
| r-release-macos-x86_64 | 0.2.3 | 75.00 | 303.00 | 378.00 | OK | |
| r-release-windows-x86_64 | 0.2.3 | 110.00 | 501.00 | 611.00 | OK | |
| r-oldrel-macos-arm64 | 0.2.3 | NOTE | ||||
| r-oldrel-macos-x86_64 | 0.2.3 | 87.00 | 342.00 | 429.00 | NOTE | |
| r-oldrel-windows-x86_64 | 0.2.3 | 86.00 | 665.00 | 751.00 | OK |
Version: 0.2.3
Check: installed package size
Result: NOTE
installed size is 7.4Mb
sub-directories of 1Mb or more:
data 1.4Mb
libs 5.5Mb
Flavors: r-oldrel-macos-arm64, r-oldrel-macos-x86_64