Last updated on 2025-10-24 00:50:58 CEST.
| Flavor | Version | Tinstall | Tcheck | Ttotal | Status | Flags |
|---|---|---|---|---|---|---|
| r-devel-linux-x86_64-debian-clang | 1.0.0 | 3.61 | 27.42 | 31.03 | NOTE | |
| r-devel-linux-x86_64-debian-gcc | 1.0.0 | 3.15 | 20.87 | 24.02 | NOTE | |
| r-devel-linux-x86_64-fedora-clang | 1.0.0 | 15.00 | 34.00 | 49.00 | OK | |
| r-devel-linux-x86_64-fedora-gcc | 1.0.0 | 18.00 | 30.66 | 48.66 | OK | |
| r-devel-windows-x86_64 | 1.0.0 | 5.00 | 45.00 | 50.00 | OK | |
| r-patched-linux-x86_64 | 1.0.0 | 3.32 | 25.66 | 28.98 | OK | |
| r-release-linux-x86_64 | 1.0.0 | 3.71 | 26.14 | 29.85 | OK | |
| r-release-macos-arm64 | 1.0.0 | 2.00 | 17.00 | 19.00 | OK | |
| r-release-macos-x86_64 | 1.0.0 | 6.00 | 41.00 | 47.00 | OK | |
| r-release-windows-x86_64 | 1.0.0 | 4.00 | 46.00 | 50.00 | OK | |
| r-oldrel-macos-arm64 | 1.0.0 | 2.00 | 20.00 | 22.00 | OK | |
| r-oldrel-macos-x86_64 | 1.0.0 | 6.00 | 38.00 | 44.00 | OK | |
| r-oldrel-windows-x86_64 | 1.0.0 | 4.00 | 45.00 | 49.00 | OK |
Version: 1.0.0
Check: CRAN incoming feasibility
Result: NOTE
Maintainer: ‘Jianzhao Gao and Xiaodan Fan <gaojz@nankai.edu.cn>’
No Authors@R field in DESCRIPTION.
Please add one, modifying
Authors@R: c(person(given = "Jianzhao",
family = "Gao",
role = c("aut", "cre"),
email = "gaojz@nankai.edu.cn"),
person(given = "Linghao",
family = "Shen",
role = "aut"),
person(given = "Xiaodan",
family = "Fan",
role = "aut"))
as necessary.
Flavors: r-devel-linux-x86_64-debian-clang, r-devel-linux-x86_64-debian-gcc
Version: 1.0.0
Check: HTML version of manual
Result: NOTE
Found the following HTML validation problems:
estimateNu.html:62:1 (estimateNu.Rd:19): Warning: missing </ul> before </div>
Flavor: r-devel-linux-x86_64-debian-clang