Last updated on 2025-10-24 00:50:57 CEST.
| Flavor | Version | Tinstall | Tcheck | Ttotal | Status | Flags |
|---|---|---|---|---|---|---|
| r-devel-linux-x86_64-debian-clang | 2.1.2 | 2.20 | 24.55 | 26.75 | NOTE | |
| r-devel-linux-x86_64-debian-gcc | 2.1.2 | 1.86 | 19.82 | 21.68 | NOTE | |
| r-devel-linux-x86_64-fedora-clang | 2.1.2 | 39.51 | OK | |||
| r-devel-linux-x86_64-fedora-gcc | 2.1.2 | 37.78 | OK | |||
| r-devel-windows-x86_64 | 2.1.2 | 4.00 | 42.00 | 46.00 | OK | |
| r-patched-linux-x86_64 | 2.1.2 | 2.46 | 23.46 | 25.92 | OK | |
| r-release-linux-x86_64 | 2.1.2 | 2.37 | 23.35 | 25.72 | OK | |
| r-release-macos-arm64 | 2.1.2 | 1.00 | 15.00 | 16.00 | OK | |
| r-release-macos-x86_64 | 2.1.2 | 2.00 | 24.00 | 26.00 | OK | |
| r-release-windows-x86_64 | 2.1.2 | 4.00 | 43.00 | 47.00 | OK | |
| r-oldrel-macos-arm64 | 2.1.2 | 1.00 | 20.00 | 21.00 | OK | |
| r-oldrel-macos-x86_64 | 2.1.2 | 3.00 | 33.00 | 36.00 | OK | |
| r-oldrel-windows-x86_64 | 2.1.2 | 4.00 | 41.00 | 45.00 | OK |
Version: 2.1.2
Check: CRAN incoming feasibility
Result: NOTE
Maintainer: ‘Fanni Zhang <rstatpackages@gmail.com>’
No Authors@R field in DESCRIPTION.
Please add one, modifying
Authors@R: person(given = "Fanni",
family = "Zhang",
role = c("aut", "cre"),
email = "rstatpackages@gmail.com")
as necessary.
Flavors: r-devel-linux-x86_64-debian-clang, r-devel-linux-x86_64-debian-gcc