Last updated on 2025-07-04 00:49:58 CEST.
Flavor | Version | Tinstall | Tcheck | Ttotal | Status | Flags |
---|---|---|---|---|---|---|
r-devel-linux-x86_64-debian-clang | 2.9.9 | 85.58 | 144.37 | 229.95 | NOTE | |
r-devel-linux-x86_64-debian-gcc | 2.9.9 | 60.20 | 103.72 | 163.92 | NOTE | |
r-devel-linux-x86_64-fedora-clang | 2.9.9 | 418.76 | OK | |||
r-devel-linux-x86_64-fedora-gcc | 2.9.9 | 396.08 | OK | |||
r-devel-windows-x86_64 | 2.9.9 | 95.00 | 179.00 | 274.00 | OK | |
r-patched-linux-x86_64 | 2.9.9 | 89.02 | 135.82 | 224.84 | NOTE | |
r-release-linux-x86_64 | 2.9.9 | 82.89 | 132.49 | 215.38 | NOTE | |
r-release-macos-arm64 | 2.9.9 | 124.00 | OK | |||
r-release-macos-x86_64 | 2.9.9 | 170.00 | OK | |||
r-release-windows-x86_64 | 2.9.9 | 100.00 | 177.00 | 277.00 | OK | |
r-oldrel-macos-arm64 | 2.9.9 | 125.00 | NOTE | |||
r-oldrel-macos-x86_64 | 2.9.9 | 213.00 | NOTE | |||
r-oldrel-windows-x86_64 | 2.9.9 | 118.00 | 213.00 | 331.00 | NOTE |
Version: 2.9.9
Check: for unstated dependencies in ‘demo’
Result: NOTE
'library' or 'require' calls not declared from:
‘rpart’ ‘rpart.plot’
Flavors: r-devel-linux-x86_64-debian-clang, r-devel-linux-x86_64-debian-gcc, r-patched-linux-x86_64, r-release-linux-x86_64
Version: 2.9.9
Check: installed package size
Result: NOTE
installed size is 8.1Mb
sub-directories of 1Mb or more:
data 3.1Mb
libs 3.4Mb
Flavors: r-oldrel-macos-arm64, r-oldrel-macos-x86_64, r-oldrel-windows-x86_64