Last updated on 2025-05-20 01:49:03 CEST.
Flavor | Version | Tinstall | Tcheck | Ttotal | Status | Flags |
---|---|---|---|---|---|---|
r-devel-linux-x86_64-debian-clang | 5.5.2 | 18.63 | 94.32 | 112.95 | NOTE | |
r-devel-linux-x86_64-debian-gcc | 5.5.2 | 11.82 | 64.82 | 76.64 | NOTE | |
r-devel-linux-x86_64-fedora-clang | 5.5.2 | 166.29 | NOTE | |||
r-devel-linux-x86_64-fedora-gcc | 5.5.2 | 172.90 | NOTE | |||
r-devel-windows-x86_64 | 5.5.2 | 21.00 | 113.00 | 134.00 | NOTE | |
r-patched-linux-x86_64 | 5.5.2 | 16.78 | 87.96 | 104.74 | NOTE | |
r-release-linux-x86_64 | 5.5.2 | 19.09 | 88.11 | 107.20 | NOTE | |
r-release-macos-arm64 | 5.5.2 | 48.00 | NOTE | |||
r-release-macos-x86_64 | 5.5.2 | 110.00 | NOTE | |||
r-release-windows-x86_64 | 5.5.2 | 19.00 | 128.00 | 147.00 | NOTE | |
r-oldrel-macos-arm64 | 5.5.2 | 47.00 | NOTE | |||
r-oldrel-macos-x86_64 | 5.5.2 | 90.00 | NOTE | |||
r-oldrel-windows-x86_64 | 5.5.2 | 25.00 | 139.00 | 164.00 | NOTE |
Version: 5.5.2
Check: Rd files
Result: NOTE
checkRd: (-1) ZIClass.Rd:87: Escaped LaTeX specials: \_
checkRd: (-1) ZITrain.Rd:72: Escaped LaTeX specials: \_
checkRd: (-1) ZITrain.Rd:74: Escaped LaTeX specials: \_
checkRd: (-1) zid.Rd:45: Escaped LaTeX specials: \_
checkRd: (-1) zim.Rd:63: Escaped LaTeX specials: \_
checkRd: (-1) zim.Rd:182: Lost braces
182 | dQuote{tab-delimited text file} when you have done and close the spreadsheet
| ^
Flavors: r-devel-linux-x86_64-debian-clang, r-devel-linux-x86_64-debian-gcc, r-devel-linux-x86_64-fedora-clang, r-devel-linux-x86_64-fedora-gcc, r-devel-windows-x86_64, r-patched-linux-x86_64, r-release-linux-x86_64, r-release-macos-arm64, r-release-macos-x86_64, r-release-windows-x86_64, r-oldrel-macos-arm64, r-oldrel-macos-x86_64, r-oldrel-windows-x86_64