CRAN Package Check Results for Package zoib

Last updated on 2025-04-29 01:49:52 CEST.

Flavor Version Tinstall Tcheck Ttotal Status Flags
r-devel-linux-x86_64-debian-clang 1.6 9.42 51.15 60.57 NOTE
r-devel-linux-x86_64-debian-gcc 1.6 6.14 35.65 41.79 NOTE
r-devel-linux-x86_64-fedora-clang 1.6 95.03 OK
r-devel-linux-x86_64-fedora-gcc 1.6 89.77 OK
r-devel-windows-x86_64 1.6 14.00 68.00 82.00 NOTE
r-patched-linux-x86_64 1.6 10.46 49.75 60.21 NOTE
r-release-linux-x86_64 1.6 9.26 48.43 57.69 NOTE
r-release-macos-arm64 1.6 28.00 OK
r-release-macos-x86_64 1.6 64.00 OK
r-release-windows-x86_64 1.6 9.00 72.00 81.00 NOTE
r-oldrel-macos-arm64 1.6 26.00 OK
r-oldrel-macos-x86_64 1.6 40.00 OK
r-oldrel-windows-x86_64 1.6 11.00 78.00 89.00 OK

Check Details

Version: 1.6
Check: Rd cross-references
Result: NOTE Found the following Rd file(s) with Rd \link{} targets missing package anchors: zoib.Rd: Formula Please provide package anchors for all Rd \link{} targets not in the package itself and the base packages. Flavors: r-devel-linux-x86_64-debian-clang, r-devel-linux-x86_64-debian-gcc, r-devel-windows-x86_64, r-patched-linux-x86_64, r-release-linux-x86_64, r-release-windows-x86_64

Version: 1.6
Check: CRAN incoming feasibility
Result: NOTE Maintainer: ‘Fang Liu <fang.liu.131@nd.edu>’ No Authors@R field in DESCRIPTION. Please add one, modifying Authors@R: c(person(given = c("Fang", "Liu", "with", "contributions", "from", "Yunchuan"), family = "Kong", role = "aut", email = "fang.liu.131@nd.edu"), person(given = "Fang", family = "Liu", role = "cre", email = "fang.liu.131@nd.edu")) as necessary. Flavor: r-devel-linux-x86_64-debian-gcc