Last updated on 2025-02-21 01:50:50 CET.
Flavor | Version | Tinstall | Tcheck | Ttotal | Status | Flags |
---|---|---|---|---|---|---|
r-devel-linux-x86_64-debian-clang | 0.0.2 | 14.99 | 362.93 | 377.92 | OK | |
r-devel-linux-x86_64-debian-gcc | 0.0.2 | 9.39 | 251.82 | 261.21 | OK | |
r-devel-linux-x86_64-fedora-clang | 0.0.2 | 691.37 | OK | |||
r-devel-linux-x86_64-fedora-gcc | 0.0.2 | 697.36 | OK | |||
r-devel-macos-arm64 | 0.0.2 | 219.00 | OK | |||
r-devel-macos-x86_64 | 0.0.2 | 447.00 | OK | |||
r-devel-windows-x86_64 | 0.0.2 | 15.00 | 440.00 | 455.00 | OK | |
r-patched-linux-x86_64 | 0.0.2 | 15.05 | 348.07 | 363.12 | OK | |
r-release-linux-x86_64 | 0.0.2 | 12.57 | 354.77 | 367.34 | OK | |
r-release-macos-arm64 | 0.0.2 | 193.00 | NOTE | |||
r-release-macos-x86_64 | 0.0.2 | 390.00 | NOTE | |||
r-release-windows-x86_64 | 0.0.2 | 17.00 | 437.00 | 454.00 | NOTE | |
r-oldrel-macos-arm64 | 0.0.2 | 215.00 | NOTE | |||
r-oldrel-macos-x86_64 | 0.0.2 | 298.00 | NOTE | |||
r-oldrel-windows-x86_64 | 0.0.2 | 19.00 | 575.00 | 594.00 | NOTE |
Version: 0.0.2
Check: installed package size
Result: NOTE
installed size is 7.5Mb
sub-directories of 1Mb or more:
data 2.3Mb
doc 2.4Mb
Flavors: r-release-macos-arm64, r-release-macos-x86_64, r-release-windows-x86_64, r-oldrel-macos-arm64, r-oldrel-macos-x86_64, r-oldrel-windows-x86_64